{"id":107,"date":"2018-12-27T18:45:06","date_gmt":"2018-12-27T17:45:06","guid":{"rendered":"http:\/\/rawa-ruska-union-nationale.fr\/?page_id=107"},"modified":"2022-03-15T18:51:04","modified_gmt":"2022-03-15T17:51:04","slug":"histoire-memoire-3-4-sous-camps-raisons","status":"publish","type":"page","link":"https:\/\/rawa-ruska-union-nationale.fr\/index.php\/histoire-memoire-3-4-sous-camps-raisons\/","title":{"rendered":"Pourquoi Rawa Ruska ?"},"content":{"rendered":"<h1 style=\"text-align: center;\"><span style=\"color: #3366ff;\"><strong>Raisons qui motiv\u00e8rent la d\u00e9cision de transf\u00e9rer<br \/>\ndes prisonniers de guerre fran\u00e7ais<br \/>\n\u00e0 Rawa-Ruska<\/strong><\/span><\/h1>\n<p>Il convient de se rem\u00e9morer la d\u00e9claration faite par le G\u00e9n\u00e9ral de Gaulle, le 28 juin 1940, annon\u00e7ant la formation d\u2019une force fran\u00e7aise terrestre, a\u00e9rienne et navale, concourant d\u2019abord \u00e0 toute r\u00e9sistance fran\u00e7aise o\u00f9 que ce soit, dans l\u2019Empire Fran\u00e7ais. Tous les militaires fran\u00e7ais de terre, de mer et de l\u2019air \u00e9taient invit\u00e9s \u00e0 s\u2019y joindre, tous les jeunes gens et tous les hommes en \u00e2ge de porter les armes \u00e9taient invit\u00e9s \u00e0 s\u2019y enr\u00f4ler.<br \/>\nCet appel soulignait encore que \u00ab\u00a0tous les officiers, soldats, marins, aviateurs, fran\u00e7ais o\u00f9 qu\u2019ils se trouvent, ont le devoir de r\u00e9sister \u00e0 l\u2019ennemi\u00a0\u00bb.<br \/>\nR\u00e9pondant \u00e0 l\u2019Appel du G\u00e9n\u00e9ral de Gaulle, Chef de la France Libre, parvenu jusque dans les stalags et kommandos, inform\u00e9s enfin d\u2019une lutte entreprise par des mouvements de R\u00e9sistance, de nombreux prisonniers de guerre fran\u00e7ais s\u2019\u00e9vad\u00e8rent. Ils n\u2019h\u00e9sit\u00e8rent pas \u00e0 prendre des risques sur le territoire m\u00eame de l\u2019ennemi.<\/p>\n<p>En mars 1942, un avis \u00e9tait appos\u00e9 dans les stalags, d\u2019apr\u00e8s lequel, et suivant un ordre de l\u2019O.K.W. de Berlin, en date du 21 mars 1942, des mesures \u00e9taient prises contre les prisonniers fran\u00e7ais et belges \u00e9vad\u00e9s r\u00e9cidivistes et coupables de sabotages ou de refus de travail r\u00e9it\u00e9r\u00e9s.<br \/>\nCes prisonniers seront transf\u00e9r\u00e9s dans le Gouvernement G\u00e9n\u00e9ral, \u00e0 Rawa-Ruska, au nord-ouest de Lemberg.<br \/>\nMalgr\u00e9 cette menace, des prisonniers de guerre fran\u00e7ais n\u2019h\u00e9sit\u00e8rent pas : ils r\u00e9cidiv\u00e8rent dans l\u2019\u00e9vasion, le refus de travail, s\u2019exposant d\u00e9lib\u00e9r\u00e9ment \u00e0 la d\u00e9portation \u00e0 Rawa-Ruska.<br \/>\nLes ti\u00e8des s\u2019abstinrent. Les seuls d\u00e9sirant reprendre le combat s\u2019acharn\u00e8rent. Sur plus de 1 500 000 prisonniers de guerre fran\u00e7ais qui furent intern\u00e9s en Allemagne, 24 \u00e0 25 000 furent dirig\u00e9s sur Rawa-Ruska et ses sous-camps.<\/p>\n<p>Rawa-Ruska, camp 325, retenu par l\u2019ennemi pour son extr\u00eame \u00e9loignement de la France, l\u2019\u00e9tait aussi par le fait qu\u2019il \u00e9tait situ\u00e9 sur un territoire soustrait aux garanties de la Convention de Gen\u00e8ve.<br \/>\nLe camp de Rawa-Ruska \u00e9tait situ\u00e9 dans une vaste zone d\u2019extermination, \u00e0 19 kilom\u00e8tres de Belzec, \u00e0 proximit\u00e9 de Lublin-Majdanek, Tr\u00e9blinka, Sobibor, Chelmno, etc. (en Pologne) et les camps d\u2019extermination implant\u00e9s sur le territoire russe.<\/p>\n<p>Les S.S. et leurs acolytes S.S. ukrainiens pouvaient se livrer \u00e0 toutes les exactions, et ne manquaient pas d\u2019en abuser (cf. comptes rendus des diff\u00e9rents proc\u00e8s des criminels de guerre).<br \/>\nLe G\u00e9n\u00e9ral Rudenko a d\u00e9clar\u00e9 au proc\u00e8s de Nuremberg, que les troupes russes furent horrifi\u00e9es lorsqu\u2019elles d\u00e9livr\u00e8rent cette contr\u00e9e en remarquant avec quelle cruaut\u00e9, quel sadisme, les S.S. avaient agi contre des \u00eatres humains.<\/p>\n<p>Le Colonel Pokrovski (Procureur G\u00e9n\u00e9ral sovi\u00e9tique au Tribunal de Nuremberg) a prouv\u00e9 :<\/p>\n<ul>\n<li>\u00ab\u00a0qu\u2019\u00e0 Rawa-Ruska, les hitl\u00e9riens avaient organis\u00e9 un camp o\u00f9 furent d\u00e9tenus et o\u00f9 p\u00e9rirent un grand nombre de prisonniers sovi\u00e9tiques et fran\u00e7ais, qui moururent de maladies contagieuses\u00a0\u00bb ;<\/li>\n<li>\u00ab\u00a0nous avons le t\u00e9moignage des bestialit\u00e9s innombrables et des outrages de toute nature que devaient subir les prisonniers de guerre \u00e0 Rawa-Ruska\u00a0\u00bb ;<\/li>\n<li>\u00ab\u00a0le Minist\u00e8re public sovi\u00e9tique dispose d\u2019une quantit\u00e9 importante de documents qui accusent les envahisseurs hitl\u00e9riens d\u2019innombrables autres crimes contre les prisonniers de guerre dans la r\u00e9gion de Lwow. Nous y avons trouv\u00e9 des fosses contenant des cadavres de prisonniers de guerre belges, fran\u00e7ais et russes\u00a0\u00bb.<\/li>\n<\/ul>\n<p>D\u2019autre part, il y aurait lieu \u00e9galement de se r\u00e9f\u00e9rer \u00e0 des extraits parus dans les \u00ab\u00a0Cahiers de Traits\u00a0\u00bb (Edition des Trois Collines \u00e0 Paris-Gen\u00e8ve), num\u00e9ro double 6\/7 de juin-juillet 1945 et relatifs aux r\u00e9sultats d\u2019enqu\u00eates effectu\u00e9es par une \u00ab\u00a0Commission extraordinaire d\u2019Etat pour l\u2019investigation et la recherche des crimes commis par les envahisseurs germano-fascistes et leurs complices dans la r\u00e9gion de Lwow (Lemberg) en Ukraine sovi\u00e9tique\u00a0\u00bb.<\/p>\n<p>Il s\u2019agit d\u2019un document traduit du \u00ab\u00a0Soviet War News Weekley\u00a0\u00bb du 4 janvier 1945, dans lequel figurent de nombreux t\u00e9moignages que n\u2019a pu recueillir le Service international des recherches d\u2019Arolsen n\u2019ayant pu enqu\u00eater sur le territoire sovi\u00e9tique.<\/p>\n<p>C\u2019est la raison principale pour laquelle la visite du camp de Rawa-Ruska ayant \u00e9t\u00e9 refus\u00e9e \u00e0 la Commission d\u2019Arolsen, Rawa-Ruska n\u2019a pas figur\u00e9 sur la liste A 160 des Camps de d\u00e9portation.<\/p>\n<p>Il faut encore souligner que Rawa-Ruska, situ\u00e9 dans une r\u00e9gion \u00e0 climat continental, tr\u00e8s froid et tr\u00e8s long (5 mois de gel de \u2013 20\u00b0 \u00e0 -30\u00b0), et tr\u00e8s chaud l\u2019\u00e9t\u00e9, est environn\u00e9 de mar\u00e9cages et de tourbi\u00e8res infest\u00e9s de moustiques. Typhus, typho\u00efde, dipht\u00e9rie, dysenterie bascillaire, diarrh\u00e9e chol\u00e9riforme, y r\u00e9gnaient de fa\u00e7on end\u00e9mique.<\/p>\n<h2><span style=\"color: #3366ff;\"><strong>Rawa-Ruska et la Convention de Gen\u00e8ve<\/strong><\/span><\/h2>\n<blockquote><p>&#8220;En temps de Guerre la loi internationale n\u2019est pas toujours rigoureusement appliqu\u00e9e\u2026 Les Prisonniers de guerre qui tombent entre les mains d\u2019adversaires sans piti\u00e9 risquent souvent de subir des traitements rigoureux.&#8221;<\/p>\n<p>&#8220;L\u2019histoire a montr\u00e9 quelles \u00e9preuves ils pouvaient endurer quand ils \u00e9taient livr\u00e9s \u00e0 l\u2019arbitraire. L\u2019existence de la 3\u00e8me Convention de Gen\u00e8ve n\u2019a pas emp\u00each\u00e9 certains exc\u00e8s ou certaines n\u00e9gligences, il n\u2019en demeure pas moins qu\u2019elle a apport\u00e9 \u00e0 nos soldats prisonniers en Allemagne une garantie dont on mesure toute l\u2019importance, si on compare leur sort \u00e0 celui des prisonniers des pays qui, \u00e0 l\u2019\u00e9poque, n\u2019avaient pas adh\u00e9r\u00e9 aux textes de Gen\u00e8ve\u2026 &#8221;<br \/>\n(extrait d\u2019une allocution de SE M. Fr. Poncet, Pr\u00e9sident de la Croix Rouge Fran\u00e7aise).<\/p><\/blockquote>\n<p>La guerre totale men\u00e9e par le III\u00e8me Reich au m\u00e9pris de toutes les lois internationales et de toutes les conventions allait bouleverser les principes m\u00eames de l\u2019humanit\u00e9 et rendre caducs textes et statuts p\u00e9niblement \u00e9labor\u00e9s durant des si\u00e8cles de civilisation.<br \/>\nLes pr\u00e9judices subis par ceux qui ne b\u00e9n\u00e9fici\u00e8rent pas des garanties des lois internationales pr\u00e9sent\u00e8rent une telle ampleur et profondeur qu\u2019ils ne trouv\u00e8rent r\u00e9paration dans aucun texte en vigueur, ceux-ci \u00e9tant \u00e9tablis en fonction du respect des conventions viol\u00e9es.<br \/>\nLe l\u00e9gislateur l\u2019a bien compris qui a \u00e9tabli le recueil des \u00a0\u00bb textes de la R\u00e9sistance\u00a0\u00bb.<\/p>\n<p>Dans la violation de l\u2019engagement formel pris par une nation en vertu de trait\u00e9s ou conventions internationales, il existe toujours une progression des relativit\u00e9s des nuances assorties de ripostes qui constituent une \u00a0\u00bb escalade \u00ab\u00a0, au cours de laquelle il est difficile de situer le d\u00e9but effectif du parjure.<\/p>\n<p>En ce qui concerne le cas de Rawa Ruska, deux \u00e9chelons de cette escalade sont \u00e0 \u00e9tudier :<\/p>\n<ul>\n<li>celui du r\u00e9gime restrictif, constituant une aggravation sensible des conditions de la captivit\u00e9 pr\u00e9vues par la convention de Gen\u00e8ve<\/li>\n<li>celui de la violation flagrante et caract\u00e9ris\u00e9e dans l\u2019absolu et la permanence des faits.<\/li>\n<\/ul>\n<p>La non-application dans le d\u00e9tail des articles 9 \u00e0 17 se rapportant aux conditions de s\u00e9jour, des articles 27 + 32 + 33 visant les conditions de travail, des articles 42 + 44 traitant des pouvoirs des hommes de confiance, des articles 46 + 48 se rapportant aux sanctions, de l\u2019article 67 concernant les d\u00e9c\u00e8s aux camps, et ceux d\u00e9j\u00e0 cit\u00e9s se rapportant aux Bureaux de renseignements pour les Prisonniers de Guerre, la non-application de ces articles n\u2019est que la cons\u00e9quence du fait d\u00e9montr\u00e9 de la violation caract\u00e9ris\u00e9e de la convention de Gen\u00e8ve dans le cas de Rawa Ruska.<\/p>\n<p>NB : Ici j\u2019utilise le terme non-application de tel article pr\u00e9cis, mais la non-application de tous les articles constitue le rejet de la Convention dans sa g\u00e9n\u00e9ralit\u00e9, donc la violation.<\/p>\n<figure id=\"attachment_100\" aria-describedby=\"caption-attachment-100\" style=\"width: 500px\" class=\"wp-caption aligncenter\"><img loading=\"lazy\" decoding=\"async\" class=\"wp-image-100 size-full\" src=\"http:\/\/rawa-ruska-union-nationale.fr\/wp-content\/uploads\/2018\/12\/soutien-etat2.jpeg\" alt=\"\" width=\"500\" height=\"985\" srcset=\"https:\/\/rawa-ruska-union-nationale.fr\/wp-content\/uploads\/2018\/12\/soutien-etat2.jpeg 500w, https:\/\/rawa-ruska-union-nationale.fr\/wp-content\/uploads\/2018\/12\/soutien-etat2-152x300.jpeg 152w\" sizes=\"auto, (max-width: 500px) 100vw, 500px\" \/><figcaption id=\"caption-attachment-100\" class=\"wp-caption-text\">Le soutien de l\u2019\u00c9tat dit \u00ab\u00a0fran\u00e7ais\u00a0\u00bb aux prisonniers de guerre r\u00e9sistants<\/figcaption><\/figure>\n<h2><span style=\"color: #3366ff;\"><strong>Aggravation des conditions \u00ab\u00a0normales\u00a0\u00bb de la captivit\u00e9<\/strong><\/span><\/h2>\n<p>Nous ne parlerons ici que pour montrer qu\u2019elles peuvent constituer \u00e0 leur tour une violation caract\u00e9ris\u00e9e de la Convention de Gen\u00e8ve quand elles atteignent et d\u00e9passent une certaine limite, une certaine acuit\u00e9 ou une certaine ampleur.<\/p>\n<p>L\u2019institution des camps disciplinaires peut \u00eatre conforme au Droit de Guerre dans la mesure o\u00f9 \u00a0\u00bb ils ne comportent la suppression d\u2019aucune des garanties accord\u00e9es aux Prisonniers de Guerre par la Convention de Gen\u00e8ve \u00a0\u00bb (art. 48 de la CDG) (NB\/I)<br \/>\nCe n\u2019est donc pas d\u2019un internement dans un camp disciplinaire dont on se plaint \u00e0 Rawa Ruska : la quasi totalit\u00e9 des intern\u00e9s de ce camp avait connu ces mesures avant d\u2019\u00eatre transf\u00e9r\u00e9s \u00e0 Rawa Ruska (NB\/2) encor que dans la plupart des cas :<\/p>\n<p>l\u2019aggravation des conditions de travail (art. 32)<br \/>\nla non-conformit\u00e9 des locaux aux mesures d\u2019hygi\u00e8ne (art. 56)<br \/>\nles restrictions de nourriture (art. 55)<br \/>\nles mesures sp\u00e9ciales de surveillance (art. 48)<br \/>\nconstituaient d\u00e9j\u00e0 une atteinte sensible aux clauses de dite convention. Mais les irr\u00e9ductibles des camps et kommandos disciplinaires furent envoy\u00e9s \u00e0 Rawa Ruska pour y subir un internement plus grave encore.<\/p>\n<p>Rawa Ruska se situe \u00e0 un autre \u00e9chelon.<\/p>\n<ul>\n<li>Ce n\u2019est plus l\u2019aggravation outranci\u00e8re des conditions de travail dont on se plaint \u00e0 Rawa : elle fut la reconnaissance par l\u2019ennemi de notre participation \u00e0 la R\u00e9sistance\u2026 mais nous faisons \u00e9tat de ces dix camarades assassin\u00e9s \u00e0 coups de crosse et de ba\u00efonnette, parce qu\u2019ils refus\u00e8rent de profaner les tombes du cimeti\u00e8re isra\u00e9lite dont les Allemands voulaient retirer les pierres afin de r\u00e9parer des routes\u2026<\/li>\n<li>Ce n\u2019est pas le manque de conformit\u00e9 aux r\u00e8gles d\u2019hygi\u00e8ne qui effraie les intern\u00e9s de Rawa : la peur y fut inconnue\u2026 mais ce refus syst\u00e9matique des Allemands \u00e0 toute sollicitation provenant de nos m\u00e9decins et de nos hommes de confiance tendant \u00e0 l\u2019am\u00e9lioration des conditions sanitaires du camp alors que le typhus ravageait la r\u00e9gion.<\/li>\n<li>Ce n\u2019est pas de faim et de soif que l\u2019on souffre \u00e0 Rawa nous n\u2019\u00e9coutions pas les sollicitations de nos entrailles afin de tenir pour la cause sacr\u00e9e ; mais de cet \u00e9tat de fait permanent, de ce rationnement calcul\u00e9, de cette exp\u00e9rience de survie, qui sert \u00e0 l\u2019arm\u00e9e allemande pour conna\u00eetre les limites humaines et qui nous vaut une ration alimentaire journali\u00e8re de 1100 \u00e0 1500 calories durant tout notre s\u00e9jour au camp, nous rendant ainsi d\u00e9finitivement inapte \u00e0 servir la France.<\/li>\n<li>Ce ne sont pas les mesures sp\u00e9ciales de surveillance que l\u2019on craint \u00e0 Rawa, ni la balle perdue \u00e0 l\u2019occasion d\u2019une tentative d\u2019\u00e9vasion\u2026 mais d\u2019\u00eatre indirectement la cause de tel acte de repr\u00e9sailles qui conduira \u00e0 l\u2019assassinat d\u2019un otage, comme ce fut le sort de notre ami Lavesque ce 12 ao\u00fbt 1942 (Nur. T\/4 page 303).<\/li>\n<\/ul>\n<p>Ces faits quotidiens \u00e0 Rawa et dans ses kommandos peuvent-ils \u00eatre qualifi\u00e9s de \u00a0\u00bb compatibles \u00a0\u00bb avec le droit de Guerre et les Conventions de La Haye ou de Gen\u00e8ve ?<\/p>\n<h2><span style=\"color: #3366ff;\"><strong>Violation caract\u00e9ris\u00e9e de la Convention de Gen\u00e8ve<\/strong><\/span><\/h2>\n<p>En transf\u00e9rant d\u2019Allemagne en Ukraine sovi\u00e9tique, des Prisonniers de Guerre Fran\u00e7ais et Belges b\u00e9n\u00e9ficiant des garanties de la convention de Gen\u00e8ve, pour les interner dans une r\u00e9gion o\u00f9 la Convention de Gen\u00e8ve n\u2019avait pas cours (du fait que l\u2019un des bellig\u00e9rants n\u2019\u00e9tait pas signataire de la dite convention), la puissance d\u00e9tentrice commettait un acte de violation caract\u00e9ris\u00e9, si les conditions de l\u2019internement ne r\u00e9pondaient pas aux clauses de la ladite convention. Cette derni\u00e8re condition \u00e9tant amplement d\u00e9montr\u00e9e par ailleurs.<\/p>\n<p>Le territoire sur lequel les Allemands avaient transf\u00e9r\u00e9 ces prisonniers \u00e9tant class\u00e9 tout \u00e0 la fois :<\/p>\n<ul>\n<li>zone op\u00e9rationnelle<\/li>\n<li>territoire occup\u00e9<\/li>\n<\/ul>\n<p>Il ressort des directives du gouvernement du IIIe Reich<br \/>\n\u00ab\u00a0qu\u2019en r\u00e9alit\u00e9 ce n\u2019\u00e9tait pas le commandant en chef de la WHW qui d\u00e9tenait les pleins pouvoirs, mais que c\u2019\u00e9tait Himmler et Heydrich qui de leur propre autorit\u00e9 d\u00e9cidaient de la vie et de la mort des populations, y compris les Prisonniers de Guerre dont ils g\u00e9raient les camps\u00a0\u00bb(Nur. T\/10 p. 555).<\/p>\n<p>Directives confirm\u00e9es T\/18 page 36, etc\u2026<\/p>\n<p>Le fait de transf\u00e9rer ces Prisonniers de Guerre b\u00e9n\u00e9ficiant jusqu\u2019alors des garanties de la convention de Gen\u00e8ve sur un territoire o\u00f9 la gestion des camps de PG ne rel\u00e8ve plus de l\u2019arm\u00e9e mais de la police d\u2019Etat est une violation flagrante de la convention de Gen\u00e8ve dans la mesure o\u00f9 le r\u00e9gime int\u00e9rieur de ces camps constitue une violation de fait. Cette derni\u00e8re condition \u00e9tant amplement d\u00e9montr\u00e9e dans la description des camps de PG Russes en zone occup\u00e9e sovi\u00e9tique\u2026 et le procureur Pokrowsky ne faisant pas de diff\u00e9rence entre les PG Russes et Fran\u00e7ais de Rawa Ruska.<\/p>\n<p><em>\u00ab\u00a0Dans ce camps furent d\u00e9tenus et p\u00e9rirent un grand nombre de PG sovi\u00e9tiques et Fran\u00e7ais\u00a0\u00bb(Nur. T7, p. 378)<\/em><\/p>\n<p>RAWA-RUSKA \u00e9tait en outre un ghetto immense : un de ces camps de la mort aupr\u00e8s desquels<\/p>\n<p><em>\u00ab\u00a0les camps de concentration de Buchenwald et de Dachau se sont av\u00e9r\u00e9s n\u2019\u00eatre que de p\u00e2les pr\u00e9curseurs\u00a0\u00bb(Nur. T\/7 p. 199)<\/em><\/p>\n<p>Les travailleurs des kommandos furent \u00e9troitement m\u00eal\u00e9s aux \u00ab\u00a0bagnards\u00a0\u00bb Polonais et Juifs travaillant c\u00f4te \u00e0 c\u00f4te avec eux.<br \/>\nCes circonstances sont une violation flagrante de l\u2019article 56 de la convention de Gen\u00e8ve :<\/p>\n<p><em>\u00ab\u00a0en aucun cas les PG ne pourront \u00eatre transf\u00e9r\u00e9s dans des \u00e9tablissements p\u00e9nitentiaires (prisons, p\u00e9nitenciers, bagnes, etc\u2026) pour y subir des peines disciplinaires.\u00a0\u00bb<\/em><\/p>\n<p>Est-il possible d\u2019imputer tous ces arguments aux difficult\u00e9s inh\u00e9rents \u00e0 toute communaut\u00e9 ? En d\u2019autres termes, le camp de RAWA-RUSKA \u00e9tait-il destin\u00e9 \u00e0 devenir un camp disciplinaire\u00a0\u00bb classique \u00a0\u00bb ?<\/p>\n<p>Telle ne semble pas avoir \u00e9t\u00e9 l\u2019intention des Allemands.<\/p>\n<p>a) Pour tous ceux qui connaissent leur esprit m\u00e9thodique et leur ordre administratif, un tel concours de circonstances ne saurait \u00eatre fortuit.<\/p>\n<p>Par ailleurs, le retard qu\u2019ils mirent \u00e0 signaler l\u2019existence du camp, alors que ce dernier \u00e9tait ouvert depuis plus de deux mois et comptait d\u00e9j\u00e0 15 000 PG, alors qu\u2019ils \u00e9taient sollicit\u00e9s depuis trois mois par la CICR alert\u00e9 de l\u2019existence du camp par la mission Scapini, est une pr\u00e9somption de plus dans ce \u00a0\u00bb proc\u00e8s d\u2019intention \u00ab\u00a0.<\/p>\n<p>b) Mais il est une preuve irr\u00e9cusable de l\u2019intention machiav\u00e9lique des Allemands\u2026 : \u00a0\u00bb l\u2019omission \u00a0\u00bb syst\u00e9matique de fournir conform\u00e9ment aux articles 77 et 79 de la CDG les mutations pour RAWA-RUSKA \u00e0 l\u2019Agence Centrale de renseignements sur les PG.<\/p>\n<p>Aucun stalag n\u2019a fourni en effet les listes de transfert \u00e0 Rawa Ruska, en sorte qu\u2019il n\u2019est pas possible au CICR de fournir un seul nom de PG transf\u00e9r\u00e9 \u00e0 Rawa Ruska. Un \u00e9l\u00e9ment de d\u00e9tail vient apporter une note compl\u00e9mentaire \u00e0 cette \u00a0\u00bb omission syst\u00e9matique \u00a0\u00bb : la famille d\u2019un PG intern\u00e9 au Stalag 7\/A et transf\u00e9r\u00e9 \u00e0 Rawa Ruska le 1er mai 1942, ayant fait proc\u00e9der \u00e0 des recherches par l\u2019interm\u00e9diaire de la Croix Rouge Internationale, les autorit\u00e9s allemandes r\u00e9pondirent \u00e0 cet organisme :<\/p>\n<p>\u00ab\u00a0transf\u00e9r\u00e9 dans un autre camp\u00a0\u00bb (sans pr\u00e9ciser le camp).<\/p>\n<p>Tous ces arguments se compl\u00e8tent avec les rigueurs des divers r\u00e9gimes du camp (disciplinaire sanitaire alimentaire), prouvant bien de ce fait que les Allemands avaient ouvert aux PG Fran\u00e7ais et Belges un camp o\u00f9 la Convention de Gen\u00e8ve ne devait pas avoir cours : un camp en tous points semblable aux camps de PG Russes en zone occup\u00e9e.<\/p>\n<p>Rawa Ruska camp de PG Fran\u00e7ais faisait suite \u00e0 Rawa Ruska camp de PG Russes : camp d\u2019extermination.<\/p>\n<h1><span style=\"color: #3366ff;\">Liste des sous-camps de Rawa-Ruska<\/span><\/h1>\n<table border=\"1\" width=\"582\" cellspacing=\"0\" cellpadding=\"0\" align=\"center\" bgcolor=\"white\">\n<tbody>\n<tr>\n<td>BEREZOVICA<br \/>\nBIALA<br \/>\nBIALA -PODLASKA<br \/>\nBOUKNEGARZKOW<br \/>\nBRODY<br \/>\nCHOLM<br \/>\nCRASNE<br \/>\nDEMBLIN-JRENA<br \/>\nDENISSON<br \/>\nDOLINA<br \/>\nDORNFELD<br \/>\nDYNOW<br \/>\nGRODECK<br \/>\nJAROSLAW<\/td>\n<td>JEZIERNA<br \/>\nKAMENKA<br \/>\nKAMIONKA<br \/>\nKOBIERCZYN (Kommando)<br \/>\nKOLOMEA<br \/>\nKRAKOW (Fliegerhorst)<br \/>\nLWOW (Fliegerhorst)<br \/>\nMIELEC<br \/>\nMINSK-MAZOWIESKI<br \/>\nNESTEROV<br \/>\nOLOSKO<br \/>\nPOLITICI<br \/>\nPRZEMYSL<br \/>\nROGATIN<\/td>\n<td>RZESZOW<br \/>\nSAMBOR<br \/>\nSIEDLCE<br \/>\nSKOLE<br \/>\nSTANISLAV<br \/>\nSTENZYKA<br \/>\nSTRYJ<br \/>\nSWIETOSLAW<br \/>\nTARNOPOL<br \/>\nTOMASZOW<br \/>\nTREMBOWLA<br \/>\nZAMOSC<br \/>\nZLOZCOW<br \/>\nZWIERZYNIEC<\/td>\n<\/tr>\n<\/tbody>\n<\/table>\n<h1 style=\"text-align: center;\"><a href=\"http:\/\/rawa-ruska-union-nationale.fr\/wp-content\/uploads\/2018\/12\/camps2.jpeg\"><img loading=\"lazy\" decoding=\"async\" class=\"aligncenter size-full wp-image-35\" src=\"http:\/\/rawa-ruska-union-nationale.fr\/wp-content\/uploads\/2018\/12\/camps2.jpeg\" alt=\"\" width=\"167\" height=\"365\" srcset=\"https:\/\/rawa-ruska-union-nationale.fr\/wp-content\/uploads\/2018\/12\/camps2.jpeg 167w, https:\/\/rawa-ruska-union-nationale.fr\/wp-content\/uploads\/2018\/12\/camps2-137x300.jpeg 137w\" sizes=\"auto, (max-width: 167px) 100vw, 167px\" \/><\/a><\/h1>\n","protected":false},"excerpt":{"rendered":"<p>Raisons qui motiv\u00e8rent la d\u00e9cision de transf\u00e9rer des prisonniers de guerre fran\u00e7ais \u00e0 Rawa-Ruska Il convient de se rem\u00e9morer la d\u00e9claration faite par le G\u00e9n\u00e9ral de Gaulle, le 28 juin 1940, annon\u00e7ant la formation d\u2019une force fran\u00e7aise terrestre, a\u00e9rienne et navale, concourant d\u2019abord \u00e0 toute r\u00e9sistance fran\u00e7aise o\u00f9 que ce soit, dans l\u2019Empire Fran\u00e7ais. Tous &hellip; <\/p>\n<p class=\"link-more\"><a href=\"https:\/\/rawa-ruska-union-nationale.fr\/index.php\/histoire-memoire-3-4-sous-camps-raisons\/\" class=\"more-link\">Continuer la lecture<span class=\"screen-reader-text\"> de &laquo;&nbsp;Pourquoi Rawa Ruska ?&nbsp;&raquo;<\/span><\/a><\/p>\n","protected":false},"author":1,"featured_media":0,"parent":0,"menu_order":70,"comment_status":"closed","ping_status":"closed","template":"","meta":{"_bbp_topic_count":0,"_bbp_reply_count":0,"_bbp_total_topic_count":0,"_bbp_total_reply_count":0,"_bbp_voice_count":0,"_bbp_anonymous_reply_count":0,"_bbp_topic_count_hidden":0,"_bbp_reply_count_hidden":0,"_bbp_forum_subforum_count":0,"_crdt_document":"","two_page_speed":[],"footnotes":""},"class_list":["post-107","page","type-page","status-publish","hentry"],"_links":{"self":[{"href":"https:\/\/rawa-ruska-union-nationale.fr\/index.php\/wp-json\/wp\/v2\/pages\/107","targetHints":{"allow":["GET"]}}],"collection":[{"href":"https:\/\/rawa-ruska-union-nationale.fr\/index.php\/wp-json\/wp\/v2\/pages"}],"about":[{"href":"https:\/\/rawa-ruska-union-nationale.fr\/index.php\/wp-json\/wp\/v2\/types\/page"}],"author":[{"embeddable":true,"href":"https:\/\/rawa-ruska-union-nationale.fr\/index.php\/wp-json\/wp\/v2\/users\/1"}],"replies":[{"embeddable":true,"href":"https:\/\/rawa-ruska-union-nationale.fr\/index.php\/wp-json\/wp\/v2\/comments?post=107"}],"version-history":[{"count":15,"href":"https:\/\/rawa-ruska-union-nationale.fr\/index.php\/wp-json\/wp\/v2\/pages\/107\/revisions"}],"predecessor-version":[{"id":5306,"href":"https:\/\/rawa-ruska-union-nationale.fr\/index.php\/wp-json\/wp\/v2\/pages\/107\/revisions\/5306"}],"wp:attachment":[{"href":"https:\/\/rawa-ruska-union-nationale.fr\/index.php\/wp-json\/wp\/v2\/media?parent=107"}],"curies":[{"name":"wp","href":"https:\/\/api.w.org\/{rel}","templated":true}]}}