{"id":1104,"date":"2020-03-01T20:04:51","date_gmt":"2020-03-01T19:04:51","guid":{"rendered":"http:\/\/rawa-ruska-union-nationale.fr\/?page_id=1104"},"modified":"2021-09-07T14:24:21","modified_gmt":"2021-09-07T12:24:21","slug":"t-devillers","status":"publish","type":"page","link":"https:\/\/rawa-ruska-union-nationale.fr\/index.php\/t-devillers\/","title":{"rendered":"T &#8211; Devillers"},"content":{"rendered":"<h4 style=\"text-align: center;\"><strong>DEVILLERS Ren\u00e9-Eug\u00e8ne<\/strong><\/h4>\n<p class=\"western\" align=\"right\"><span style=\"font-family: Arial, sans-serif;\"><span style=\"font-size: medium;\"><i>Donn\u00e9es fournies par Dominique Colombier<br \/>\n<\/i><\/span><\/span><em>Cote(s)SHD,<br \/>\nVincennes GR 16 P 182722<\/em><br \/>\n<em>Caen SHD\/ AC 21 P 634501<\/em><\/p>\n<p class=\"western\"><span style=\"color: #32414d;\"><span style=\"font-family: Arial, sans-serif;\"><span style=\"font-size: medium;\"><b>N\u00e9 le 01-10-1920 \u00e0 Belfort (90 &#8211; Territoire de Belfort, France)<\/b><\/span><\/span><\/span><\/p>\n<p class=\"western\"><span style=\"font-family: Arial, sans-serif;\"><span style=\"font-size: medium;\"><u>Service militaire<\/u><\/span><\/span><span style=\"font-family: Arial, sans-serif;\"><span style=\"font-size: medium;\"> : classe 1920, e<\/span><\/span><span style=\"font-family: Arial, sans-serif;\"><span style=\"font-size: medium;\">ngag\u00e9 volontaire pour 3 ans <\/span><\/span><span style=\"font-family: Arial, sans-serif;\"><span style=\"font-size: medium;\"><u><br \/>\n<\/u>Bureau de recrutement de Laval. Nomm\u00e9 le 02\/12\/1938 \u00e0 Metz au 30<sup>\u00e8me<\/sup> Dragons 44<sup>\u00e8me<\/sup> escadron mont\u00e9. Fonction exerc\u00e9e\u00a0: \u00e9claireur 2<sup>\u00e8me<\/sup> classe.<br \/>\n<\/span><\/span><\/p>\n<p class=\"western\"><span style=\"font-family: Arial, sans-serif;\"><span style=\"font-size: medium;\"><u>R\u00e9sum\u00e9 de l\u2019activit\u00e9 militaire du 10\/06\/1940 \u00e0 la date d\u2019arrestation<br \/>\n<\/u><\/span><\/span><span style=\"font-family: Arial, sans-serif;\"><span style=\"font-size: medium;\">&#8211; Engag\u00e9 volontaire pour 3 ans au 30<\/span><\/span><sup><span style=\"font-family: Arial, sans-serif;\"><span style=\"font-size: medium;\">\u00e8me<\/span><\/span><\/sup><span style=\"font-family: Arial, sans-serif;\"><span style=\"font-size: medium;\"> Dragons le 02\/812\/1938<br \/>\n<\/span><\/span><span style=\"font-family: Arial, sans-serif;\"><span style=\"font-size: medium;\">&#8211; Groupe de reconnaissance DIV 44 de septembre 1939 \u00e0 juin 1940<br \/>\n<\/span><\/span><span style=\"font-family: Arial, sans-serif;\"><span style=\"font-size: medium;\">&#8211; Prisonnier de guerre \u00e0 TOUL le 23\/06\/1940<br \/>\n<\/span><\/span><span style=\"font-family: Arial, sans-serif;\"><span style=\"font-size: medium;\">&#8211; Transf\u00e9r\u00e9 \u00e0 ST MIHIEL le 27\/06\/1940<br \/>\n<\/span><\/span><span style=\"font-family: Arial, sans-serif;\"><span style=\"font-size: medium;\">&#8211; Transf\u00e9r\u00e9 au stalag IX A ZIEGENHAIN matricule 39420 le 02\/08\/1940<br \/>\n<\/span><\/span><span style=\"font-family: Arial, sans-serif;\"><span style=\"font-size: medium;\">&#8211; Kommando 407 WILDFLEKEN le 24\/08\/1940<br \/>\n&#8211; K<\/span><\/span><span style=\"font-family: Arial, sans-serif;\"><span style=\"font-size: medium;\">ommando 1489 \u00e0 SIEGEN le 02\/12\/1940<br \/>\n<\/span><\/span><span style=\"font-family: Arial, sans-serif;\"><span style=\"font-size: medium;\">&#8211; Kommando 1590 \u00e0 SIEGEN EISERFELD le 25\/04\/1941<br \/>\n<\/span><\/span><span style=\"font-family: Arial, sans-serif;\"><span style=\"font-size: medium;\">&#8211; Evasion avec un camarade nomm\u00e9 DUFLOT pour rejoindre la France libre le 12\/04\/1942<br \/>\n<\/span><\/span><span style=\"font-family: Arial, sans-serif;\"><span style=\"font-size: medium;\">&#8211; Repris en gare de BETZDORF (Rhin) le 17\/04\/1942<br \/>\n<\/span><\/span><span style=\"font-family: Arial, sans-serif;\"><span style=\"font-size: medium;\">&#8211; Transf\u00e9r\u00e9 au stalag XII \u00e0 LIMBURG le 18\/04\/1942<br \/>\n<\/span><\/span><span style=\"font-family: Arial, sans-serif;\"><span style=\"font-size: medium;\">&#8211; D\u00e9port\u00e9 \u00e0 RAWA RUSKA le 15\/05\/1942 au 24\/12\/1942<br \/>\nTarnopol &#8211; (Kommando 2002) lz 08\/06\/1942<br \/>\nLemberg le 15\/08\/1942 (blessure suite \u00e0 un coup de crosse)<br \/>\nStalag III A le 28\/12\/1942<br \/>\n<\/span><\/span>&#8211; Vers\u00e9 au bataillon de travail 17 \u00e0 KREFELD le 09\/02\/1943, rapatri\u00e9 le 03\/03\/1944 pour tuberculose pulmonaire et r\u00e9form\u00e9 d\u00e9finitif le 16\/11\/1944 \u00e0 Rennes.<\/p>\n<p>Famille r\u00e9sistance d\u00e9port\u00e9s et intern\u00e9s de la r\u00e9sistance (DIR)<br \/>\nCroix de guerre le 28\/09\/1939<br \/>\nStatut intern\u00e9 r\u00e9sistant<br \/>\nCertification de validation des services du 21\/01\/1980<br \/>\nCarte d\u2019intern\u00e9 r\u00e9sistant n\u00b0 120133137 du 11\/06\/1977<\/p>\n<p class=\"western\" align=\"right\"><span style=\"color: #12212e;\"><span style=\"font-family: Arial, sans-serif;\"><span style=\"font-size: medium;\"><i>T\u00e9moignage de sa ni\u00e8ce : Marie-Fran\u00e7oise Devillers <\/i><\/span><\/span><\/span><\/p>\n<p class=\"western\" align=\"left\"><span style=\"color: #12212e;\"><span style=\"font-family: Arial, sans-serif;\"><span style=\"font-size: medium;\">\u00ab Je ne suis pas certaine que mon oncle accepterait l&#8217;id\u00e9e de faire part de sa vie et de son exp\u00e9rience de Rawa Ruska: il a toujours \u00e9t\u00e9 tr\u00e8s discret \u00e0 ce sujet aupr\u00e8s de la famille, moi qui suis sa ni\u00e8ce la plus proche, je n&#8217;ai eu que des bribes&#8230;bien s\u00fbr actuellement il ne peut plus s&#8217;exprimer \u00e0 ce sujet car sa m\u00e9moire s&#8217;est affaiblie..mais je voudrai respecter ce que je pense \u00eatre sa volont\u00e9&#8230; certes il a toujours lu avec int\u00e9r\u00eat la revue &#8220;ceux de Rawa Ruska&#8221;\u00a0 mais il me semble qu&#8217;il avait des r\u00e9ticences \u00e0 se replonger dans ces souvenirs: cela devait lui \u00eatre difficile \u00e0 vivre&#8230;&#8221;<\/span><\/span><\/span><\/p>\n","protected":false},"excerpt":{"rendered":"<p>DEVILLERS Ren\u00e9-Eug\u00e8ne Donn\u00e9es fournies par Dominique Colombier Cote(s)SHD, Vincennes GR 16 P 182722 Caen SHD\/ AC 21 P 634501 N\u00e9 le 01-10-1920 \u00e0 Belfort (90 &#8211; Territoire de Belfort, France) Service militaire : classe 1920, engag\u00e9 volontaire pour 3 ans Bureau de recrutement de Laval. Nomm\u00e9 le 02\/12\/1938 \u00e0 Metz au 30\u00e8me Dragons 44\u00e8me escadron &hellip; <\/p>\n<p class=\"link-more\"><a href=\"https:\/\/rawa-ruska-union-nationale.fr\/index.php\/t-devillers\/\" class=\"more-link\">Continuer la lecture<span class=\"screen-reader-text\"> de &laquo;&nbsp;T &#8211; Devillers&nbsp;&raquo;<\/span><\/a><\/p>\n","protected":false},"author":1,"featured_media":0,"parent":0,"menu_order":43,"comment_status":"closed","ping_status":"closed","template":"","meta":{"_bbp_topic_count":0,"_bbp_reply_count":0,"_bbp_total_topic_count":0,"_bbp_total_reply_count":0,"_bbp_voice_count":0,"_bbp_anonymous_reply_count":0,"_bbp_topic_count_hidden":0,"_bbp_reply_count_hidden":0,"_bbp_forum_subforum_count":0,"_crdt_document":"","two_page_speed":[],"footnotes":""},"class_list":["post-1104","page","type-page","status-publish","hentry"],"_links":{"self":[{"href":"https:\/\/rawa-ruska-union-nationale.fr\/index.php\/wp-json\/wp\/v2\/pages\/1104","targetHints":{"allow":["GET"]}}],"collection":[{"href":"https:\/\/rawa-ruska-union-nationale.fr\/index.php\/wp-json\/wp\/v2\/pages"}],"about":[{"href":"https:\/\/rawa-ruska-union-nationale.fr\/index.php\/wp-json\/wp\/v2\/types\/page"}],"author":[{"embeddable":true,"href":"https:\/\/rawa-ruska-union-nationale.fr\/index.php\/wp-json\/wp\/v2\/users\/1"}],"replies":[{"embeddable":true,"href":"https:\/\/rawa-ruska-union-nationale.fr\/index.php\/wp-json\/wp\/v2\/comments?post=1104"}],"version-history":[{"count":11,"href":"https:\/\/rawa-ruska-union-nationale.fr\/index.php\/wp-json\/wp\/v2\/pages\/1104\/revisions"}],"predecessor-version":[{"id":4302,"href":"https:\/\/rawa-ruska-union-nationale.fr\/index.php\/wp-json\/wp\/v2\/pages\/1104\/revisions\/4302"}],"wp:attachment":[{"href":"https:\/\/rawa-ruska-union-nationale.fr\/index.php\/wp-json\/wp\/v2\/media?parent=1104"}],"curies":[{"name":"wp","href":"https:\/\/api.w.org\/{rel}","templated":true}]}}