{"id":1133,"date":"2020-03-01T20:53:37","date_gmt":"2020-03-01T19:53:37","guid":{"rendered":"http:\/\/rawa-ruska-union-nationale.fr\/?page_id=1133"},"modified":"2020-03-18T11:21:55","modified_gmt":"2020-03-18T10:21:55","slug":"t-montellimard","status":"publish","type":"page","link":"https:\/\/rawa-ruska-union-nationale.fr\/index.php\/t-montellimard\/","title":{"rendered":"T &#8211; Montellimard"},"content":{"rendered":"<p class=\"western\" align=\"center\"><span style=\"color: #004494;\"><span style=\"font-family: Arial, sans-serif;\"><b>MONTELLIMARD Alexandre<br \/>\n<\/b><\/span><\/span><\/p>\n<p class=\"western\" style=\"text-align: right;\" align=\"justify\">\u00a0<i>Extraits de Envols n\u00b0294 \u2013 2\u00b0 semestre 2018<br \/>\nVoir aussi Envols n\u00b0287 juin 2015<br \/>\n<\/i><\/p>\n<p class=\"western\" align=\"justify\"><span style=\"font-family: Arial, sans-serif;\">Le 18 octobre 2018, la maison de retraite de Saint-Maurice de Lignon dans la Haute Loire \u00e9tait en f\u00eate \u00e0 l\u2019occasion du centi\u00e8me anniversaire d\u2019Alexandre Montellimard.<\/span><\/p>\n<p class=\"western\" align=\"justify\"><span style=\"font-family: Arial, sans-serif;\">&#8230;Alexandre avait mis son costume, chemise blanche et cravate et portait ses d\u00e9corations sur la poitrine. Il ne fut pas le dernier \u00e0 chanter et \u00e0 danser\u2026<\/span><\/p>\n<p class=\"western\" align=\"justify\"><span style=\"font-family: Arial, sans-serif;\">G\u00e9rard Val\u00e8re retra\u00e7a le parcours d\u2019Alexandre pendant la guerre, un parcours que nous avons la chance de pouvoir conna\u00eetre en d\u00e9tail gr\u00e2ce au livre de souvenirs qu\u2019il a \u00e9crit. <\/span><\/p>\n<p class=\"western\" align=\"justify\"><span style=\"font-family: Arial, sans-serif;\">Fait prisonnier dans les Vosges, le 22 juin 1940 et envoy\u00e9, par \u00e9tapes, dans un camp de prisonniers en Bavi\u00e8re, puis au travail forc\u00e9 dans une ferme. Au bout d\u2019un an, il s\u2019\u00e9vade en septembre 1941, en direction de la Suisse et apr\u00e8s 24 jours de marche, est repris \u00e0 la fronti\u00e8re du Lichtenstein. Apr\u00e8s les 21 jours de prison inflig\u00e9s aux \u00e9vad\u00e9s, il est renvoy\u00e9 par \u00e9tape<\/span><span style=\"color: #ff0000;\"><span style=\"font-family: Arial, sans-serif;\">s<\/span><\/span><span style=\"font-family: Arial, sans-serif;\"> au kommando de Waldenstein, o\u00f9 il doit travailler dans une carri\u00e8re pour extraire des mat\u00e9riaux destin\u00e9s \u00e0 l\u2019empierrement d\u2019une route. Avec une barre \u00e0 mine il fait sauter le c<\/span><span style=\"font-family: Arial, sans-serif;\">\u00e2<\/span><span style=\"font-family: Arial, sans-serif;\">ble du t\u00e9l\u00e9ph\u00e9rique de transport des pierres, paralysant la carri\u00e8re. Les r\u00e9actions des sentinelles seront terribles. Alexandre croit \u00e0 plusieurs reprises que sa derni\u00e8re heure est arriv\u00e9e. Il est finalement enferm\u00e9 5 jours dans une tour sans boire ni manger, avant d\u2019\u00eatre condamn\u00e9 \u00e0 42 jours de prison. De retour au Kommando de Waldenstein o\u00f9 le chantier se termine, il est alors envoy\u00e9 vers une autre destination, au Sud de la Bavi\u00e8re\u2026 mais lors d\u2019un arr\u00eat prolong\u00e9 en gare il se joint \u00e0 un groupe pour une seconde \u00e9vasion en direction de la mer Adriatique. Le groupe est bien arriv\u00e9 dans la ville portuaire de Rijeka en Croatie, mais \u00e0 la gare, la police les a livr\u00e9s au autorit\u00e9s allemandes\u2026 Retour en Autriche, mais, au d\u00e9but avril 1942, Alexandre fait partie de la douzaine de prisonniers \u00ab\u00a0s\u00e9lectionn\u00e9s\u00a0\u00bb pour partir \u00e0 Rawa-Ruska. Il y arrive le 5 mai 1942 puis est envoy\u00e9 en juillet \u00e0 Zwierzyniec. Avec ses camarades de travaux forc\u00e9s, ils assistent aux rafles et aux meurtres de la population juive et, malgr\u00e9 les SS en armes, ils hurlent leur r\u00e9probation. La nuit, Alexandre participe au creusement d\u2019un tunnel\u2026. Clou\u00e9 par la maladie, il ne fera pas partie des \u00e9vad\u00e9s. De retour au camp principal de Rawa-Ruska, il est finalement renvoy\u00e9 pr\u00e8s de la Baltique, dans la Pologne occup\u00e9e. Il sera lib\u00e9r\u00e9 par les Russes en 1945 et retrouvera son village natal en juillet 1945.<\/span><\/p>\n<p class=\"western\" align=\"justify\"><span style=\"font-family: Arial, sans-serif;\">Tout au long de son parcours de prisonnier de guerre, Alexandre a fait preuve d\u2019une admirable force de caract\u00e8re, d\u2019une d\u00e9termination sans faille, d\u2019une \u00e9tonnante audace pour toujours tenter de s\u2019\u00e9vader. Mais, surtout, il a su garder, au p\u00e9ril de sa vie le sens des valeurs humaines.<\/span><\/p>\n<p class=\"western\" align=\"justify\"><span style=\"font-family: Arial, sans-serif;\">Le pr\u00e9sident de la Soci\u00e9t\u00e9 des Membres de la L\u00e9gion d\u2019Honneur a soulign\u00e9 combien ils \u00e9taient fiers de compter parmi eux un soldat qui a su, dans des circonstances tr\u00e8s difficiles, se comporter en h\u00e9ro<\/span><span style=\"font-family: Arial, sans-serif;\">s<\/span><span style=\"font-family: Arial, sans-serif;\">. <\/span><\/p>\n<p class=\"western\" align=\"justify\"><span style=\"font-family: Arial, sans-serif;\">Prosper Chiappini, <\/span><span style=\"font-family: Arial, sans-serif;\">P<\/span><span style=\"font-family: Arial, sans-serif;\">r\u00e9sident pour la Loire, des Anciens Combattants et Prisonniers de Guerre a soulign\u00e9 que les qualit\u00e9s d\u2019Alexandre Montellimard avaient \u00e9t\u00e9 reconnues par l\u2019attribution de plusieurs d\u00e9corations dont celle des Evad\u00e9s, puis la L\u00e9gion d\u2019Honneur. Il a rappel\u00e9 la grande fid\u00e9lit\u00e9 d\u2019Alexandre aux c\u00e9r\u00e9monies du souvenir et son r\u00f4le de porte- drapeau<\/span><span style=\"font-family: Arial, sans-serif;\"> de l\u2019ACPG de la Ricamarie \u00e0 Firminy. Il lui a remis, en remerciement, la M\u00e9daille de l\u2019ACPG&#8230;<\/span><\/p>\n","protected":false},"excerpt":{"rendered":"<p>MONTELLIMARD Alexandre \u00a0Extraits de Envols n\u00b0294 \u2013 2\u00b0 semestre 2018 Voir aussi Envols n\u00b0287 juin 2015 Le 18 octobre 2018, la maison de retraite de Saint-Maurice de Lignon dans la Haute Loire \u00e9tait en f\u00eate \u00e0 l\u2019occasion du centi\u00e8me anniversaire d\u2019Alexandre Montellimard. &#8230;Alexandre avait mis son costume, chemise blanche et cravate et portait ses d\u00e9corations &hellip; <\/p>\n<p class=\"link-more\"><a href=\"https:\/\/rawa-ruska-union-nationale.fr\/index.php\/t-montellimard\/\" class=\"more-link\">Continuer la lecture<span class=\"screen-reader-text\"> de &laquo;&nbsp;T &#8211; Montellimard&nbsp;&raquo;<\/span><\/a><\/p>\n","protected":false},"author":1,"featured_media":0,"parent":0,"menu_order":38,"comment_status":"closed","ping_status":"closed","template":"","meta":{"_bbp_topic_count":0,"_bbp_reply_count":0,"_bbp_total_topic_count":0,"_bbp_total_reply_count":0,"_bbp_voice_count":0,"_bbp_anonymous_reply_count":0,"_bbp_topic_count_hidden":0,"_bbp_reply_count_hidden":0,"_bbp_forum_subforum_count":0,"_crdt_document":"","two_page_speed":[],"footnotes":""},"class_list":["post-1133","page","type-page","status-publish","hentry"],"_links":{"self":[{"href":"https:\/\/rawa-ruska-union-nationale.fr\/index.php\/wp-json\/wp\/v2\/pages\/1133","targetHints":{"allow":["GET"]}}],"collection":[{"href":"https:\/\/rawa-ruska-union-nationale.fr\/index.php\/wp-json\/wp\/v2\/pages"}],"about":[{"href":"https:\/\/rawa-ruska-union-nationale.fr\/index.php\/wp-json\/wp\/v2\/types\/page"}],"author":[{"embeddable":true,"href":"https:\/\/rawa-ruska-union-nationale.fr\/index.php\/wp-json\/wp\/v2\/users\/1"}],"replies":[{"embeddable":true,"href":"https:\/\/rawa-ruska-union-nationale.fr\/index.php\/wp-json\/wp\/v2\/comments?post=1133"}],"version-history":[{"count":9,"href":"https:\/\/rawa-ruska-union-nationale.fr\/index.php\/wp-json\/wp\/v2\/pages\/1133\/revisions"}],"predecessor-version":[{"id":1634,"href":"https:\/\/rawa-ruska-union-nationale.fr\/index.php\/wp-json\/wp\/v2\/pages\/1133\/revisions\/1634"}],"wp:attachment":[{"href":"https:\/\/rawa-ruska-union-nationale.fr\/index.php\/wp-json\/wp\/v2\/media?parent=1133"}],"curies":[{"name":"wp","href":"https:\/\/api.w.org\/{rel}","templated":true}]}}