{"id":145,"date":"2018-12-28T19:15:05","date_gmt":"2018-12-28T18:15:05","guid":{"rendered":"http:\/\/rawa-ruska-union-nationale.fr\/?page_id=145"},"modified":"2022-03-15T18:41:33","modified_gmt":"2022-03-15T17:41:33","slug":"les-medecins-juifs-de-rawa-ruska","status":"publish","type":"page","link":"https:\/\/rawa-ruska-union-nationale.fr\/index.php\/les-medecins-juifs-de-rawa-ruska\/","title":{"rendered":"Les m\u00e9decins juifs des camps"},"content":{"rendered":"<p>Lors de l\u2019arriv\u00e9e du premier convoi \u00e0 Rawa-Ruska, le 13 avril 1942, quelle ne fut pas la surprise des arrivants de constater que d\u00e9j\u00e0 10 m\u00e9decins fran\u00e7ais juifs les avaient pr\u00e9c\u00e9d\u00e9s de 4 jours au camp de Rawa-Ruska, envoy\u00e9s par les Allemands pour en assurer th\u00e9oriquement le service de sant\u00e9. Il s\u2019agissait d\u2019officiers fran\u00e7ais qui avaient \u00e9t\u00e9 d\u00e9port\u00e9s dans ce camp d\u2019Ukraine parce qu\u2019ils \u00e9taient juifs, et devaient subir les m\u00eames traitements que l\u2019ensemble des autres intern\u00e9s, bien qu\u2019ils n\u2019aient pas \u00e9t\u00e9 passible d\u2019une mesure disciplinaire. Ils n\u2019avaient par ailleurs \u00e9t\u00e9 dot\u00e9s d\u2019aucun m\u00e9dicament pour soigner les nombreux malades et bless\u00e9s du camp et devaient se contenter de donner des conseils, certes pr\u00e9cieux, mais dans la plupart des cas, peu efficaces.<\/p>\n<p>Voici quatre exemples des soins prodigu\u00e9s sans m\u00e9dicament et sans instrument :<br \/>\n1\u00b0 Comment \u00e9tait arrach\u00e9e une dent sans anesth\u00e9sie et sans instrument ad\u00e9quat :<br \/>\nIl \u00e9tait proc\u00e9d\u00e9 d\u2019abord \u00e0 un rin\u00e7age de bouche avec l\u2019urine du patient, puis, avec une fourchette pr\u00e9alablement d\u00e9form\u00e9e, on lui ouvrait la gencive ; enfin, avec un instrument de fortune, la dent \u00e9tait arrach\u00e9e, m\u00eame si au cours de l\u2019op\u00e9ration elle se cassait en 2 ou 3 morceaux.<br \/>\n2\u00b0 Otites, maux d\u2019oreilles ou maux de t\u00eate :<br \/>\nIl \u00e9tait appliqu\u00e9, r\u00e9guli\u00e8rement et le plus souvent possible, de la neige, derri\u00e8re et sur les oreilles afin de provoquer une r\u00e9action par le froid\u2026 (difficile \u00e0 croire, mais parfois efficace).<br \/>\n3\u00b0 \u2013 Blessures :<br \/>\nIl \u00e9tait vers\u00e9 sur les blessures l\u2019urine du patient pour caut\u00e9risation (Urinoth\u00e9rapie\u2026).<br \/>\n4\u00b0 \u2013 Douleurs lombaires, vert\u00e9brales, sciatiques :<br \/>\nMouvements respiratoires, \u00e9tirement et manipulations diverses, etc\u2026, etc\u2026<\/p>\n<p>Ces 10 officiers m\u00e9decins fran\u00e7ais juifs, pour lesquels les intern\u00e9s malades ont gard\u00e9 une infinie reconnaissance tant leur d\u00e9vouement \u00e9tait grand, se nommaient :<\/p>\n<p>Pierre Bader, Joseph B\u00e9nichou, Joseph Benzaken, L\u00e9opold Berl, Roger Cahen-Pashcyoud, Michel Moscovici, Roger Nathan, Tepper, Max Vassile, Marcel Zara.<\/p>\n<p>Ils furent ensuite r\u00e9partis dans un certain nombre de sous-camps cr\u00e9\u00e9s \u00e0 la suite de l\u2019arriv\u00e9e de nouveaux convois au camp principal alors surcharg\u00e9, mais toujours dans les m\u00eames conditions. Ce premier groupe fut ensuite remplac\u00e9 par d\u2019autres officiers m\u00e9decins fran\u00e7ais, d\u00e9port\u00e9s \u00e0 Rawa Ruska pour les m\u00eames raisons que les autres intern\u00e9s qui s\u2019y trouvaient \u00e0 savoir : rebellion, sabotages, r\u00e9cidives d\u2019\u00e9vasion, etc\u2026 et naturellement, pour nombre d\u2019entre eux, parce qu\u2019ils \u00e9taient de confession juive. Ce sont les docteurs :<\/p>\n<p>Andr\u00e9 Aurengo, Ren\u00e9 Barbot, Sylvain Binn, Jean Catteau, Serge Chambert, Chartres, Francis Cloez, Jacques Dedieu, Ren\u00e9 Faivre, Fergis, Henri Frappier, Jean Garrigau, Jer\u00f4me Gu\u00e9rin, Robert Guiguet, Charles Hervy, Philippe Jagerschmidt, Robert Kany, Lacoste, Henri Lanuss\u00e9\u00a0<a href=\"http:\/\/v2.rawa-ruska.net\/?page_id=249\" data-slimstat=\"5\">(lire le r\u00e9cit de son \u00e9vasion)<\/a>, G. Lardy, Oscar Lievain, Gustave Martinache, Painblanc, Louis Prost, Rhodez, Souffron, Seillier, Louis Stervinou, Velluz, Zwahlen.<\/p>\n<p>Il faut souligner le grand m\u00e9rite et le d\u00e9vouement sans limites de ces nouveaux m\u00e9decins qui firent eux aussi tout ce qui \u00e9tait en leur pouvoir et avec les faibles moyens dont ils disposaient pour que survive le plus grand nombre de leurs compagnons de mis\u00e8res.<br \/>\nIl n\u2019est pas douteux que le transfert \u00e0 Rawa-Ruska de ces m\u00e9decins officiers fran\u00e7ais juifs, venus de l\u2019Oflag (camp pour officiers) X C \u00e0 Colditz, r\u00e9serv\u00e9 \u00e0 des \u00ab\u00a0disciplinaires\u00a0\u00bb et \u00e0 des juifs parcequ\u2019ils \u00e9taient juifs, r\u00e9pondait \u00e0 l\u2019intention diabolique des nazis d\u2019\u00e9liminer les ind\u00e9sirables du r\u00e9gime hitl\u00e9rien.<\/p>\n<p>C\u2019est donc sciemment que r\u00e9sistants de toutes sortes, saboteurs, r\u00e9cidivistes de l\u2019\u00e9vasion, et Juifs ont \u00e9t\u00e9 d\u00e9plac\u00e9s dans cette zone d\u2019extermination o\u00f9 il serait le plus facile de les faire dispara\u00eetre sous un pr\u00e9texte quelconque, ou sans pr\u00e9texte du tout, lors de la liquidation des derniers ghettos.<\/p>\n","protected":false},"excerpt":{"rendered":"<p>Lors de l\u2019arriv\u00e9e du premier convoi \u00e0 Rawa-Ruska, le 13 avril 1942, quelle ne fut pas la surprise des arrivants de constater que d\u00e9j\u00e0 10 m\u00e9decins fran\u00e7ais juifs les avaient pr\u00e9c\u00e9d\u00e9s de 4 jours au camp de Rawa-Ruska, envoy\u00e9s par les Allemands pour en assurer th\u00e9oriquement le service de sant\u00e9. Il s\u2019agissait d\u2019officiers fran\u00e7ais qui &hellip; <\/p>\n<p class=\"link-more\"><a href=\"https:\/\/rawa-ruska-union-nationale.fr\/index.php\/les-medecins-juifs-de-rawa-ruska\/\" class=\"more-link\">Continuer la lecture<span class=\"screen-reader-text\"> de &laquo;&nbsp;Les m\u00e9decins juifs des camps&nbsp;&raquo;<\/span><\/a><\/p>\n","protected":false},"author":1,"featured_media":0,"parent":0,"menu_order":67,"comment_status":"closed","ping_status":"closed","template":"","meta":{"_bbp_topic_count":0,"_bbp_reply_count":0,"_bbp_total_topic_count":0,"_bbp_total_reply_count":0,"_bbp_voice_count":0,"_bbp_anonymous_reply_count":0,"_bbp_topic_count_hidden":0,"_bbp_reply_count_hidden":0,"_bbp_forum_subforum_count":0,"_crdt_document":"","two_page_speed":[],"footnotes":""},"class_list":["post-145","page","type-page","status-publish","hentry"],"_links":{"self":[{"href":"https:\/\/rawa-ruska-union-nationale.fr\/index.php\/wp-json\/wp\/v2\/pages\/145","targetHints":{"allow":["GET"]}}],"collection":[{"href":"https:\/\/rawa-ruska-union-nationale.fr\/index.php\/wp-json\/wp\/v2\/pages"}],"about":[{"href":"https:\/\/rawa-ruska-union-nationale.fr\/index.php\/wp-json\/wp\/v2\/types\/page"}],"author":[{"embeddable":true,"href":"https:\/\/rawa-ruska-union-nationale.fr\/index.php\/wp-json\/wp\/v2\/users\/1"}],"replies":[{"embeddable":true,"href":"https:\/\/rawa-ruska-union-nationale.fr\/index.php\/wp-json\/wp\/v2\/comments?post=145"}],"version-history":[{"count":5,"href":"https:\/\/rawa-ruska-union-nationale.fr\/index.php\/wp-json\/wp\/v2\/pages\/145\/revisions"}],"predecessor-version":[{"id":5305,"href":"https:\/\/rawa-ruska-union-nationale.fr\/index.php\/wp-json\/wp\/v2\/pages\/145\/revisions\/5305"}],"wp:attachment":[{"href":"https:\/\/rawa-ruska-union-nationale.fr\/index.php\/wp-json\/wp\/v2\/media?parent=145"}],"curies":[{"name":"wp","href":"https:\/\/api.w.org\/{rel}","templated":true}]}}