{"id":2591,"date":"2020-06-06T13:39:06","date_gmt":"2020-06-06T11:39:06","guid":{"rendered":"https:\/\/rawa-ruska-union-nationale.fr\/?page_id=2591"},"modified":"2024-03-14T10:04:59","modified_gmt":"2024-03-14T09:04:59","slug":"contenu-adherents","status":"publish","type":"page","link":"https:\/\/rawa-ruska-union-nationale.fr\/index.php\/contenu-adherents\/","title":{"rendered":"Ressources internes"},"content":{"rendered":"\r\n<p class=\"wp-block-paragraph\">Les articles affich\u00e9s ici relatent la vie interne des associations : Union Nationale et Associations locales. Ils concernent le fonctionnement des associations\u00a0 : statuts et r\u00e8glement int\u00e9rieur, comptes-rendus des AG, communiqu\u00e9s principalement issus des comit\u00e9s directeurs et quelques documents sur les projets en cours. De ce fait, ils ne sont accessibles qu&#8217;aux seuls adh\u00e9rents.<\/p>\r\n\r\n\r\n\r\n<p class=\"wp-block-paragraph\">&nbsp;<\/p>\r\n","protected":false},"excerpt":{"rendered":"<p>Les articles affich\u00e9s ici relatent la vie interne des associations : Union Nationale et Associations locales. Ils concernent le fonctionnement des associations\u00a0 : statuts et r\u00e8glement int\u00e9rieur, comptes-rendus des AG, communiqu\u00e9s principalement issus des comit\u00e9s directeurs et quelques documents sur les projets en cours. De ce fait, ils ne sont accessibles qu&#8217;aux seuls adh\u00e9rents. &nbsp;<\/p>\n","protected":false},"author":1,"featured_media":0,"parent":0,"menu_order":8,"comment_status":"closed","ping_status":"closed","template":"","meta":{"_bbp_topic_count":0,"_bbp_reply_count":0,"_bbp_total_topic_count":0,"_bbp_total_reply_count":0,"_bbp_voice_count":0,"_bbp_anonymous_reply_count":0,"_bbp_topic_count_hidden":0,"_bbp_reply_count_hidden":0,"_bbp_forum_subforum_count":0,"_crdt_document":"","two_page_speed":[],"footnotes":""},"class_list":["post-2591","page","type-page","status-publish","hentry"],"_links":{"self":[{"href":"https:\/\/rawa-ruska-union-nationale.fr\/index.php\/wp-json\/wp\/v2\/pages\/2591","targetHints":{"allow":["GET"]}}],"collection":[{"href":"https:\/\/rawa-ruska-union-nationale.fr\/index.php\/wp-json\/wp\/v2\/pages"}],"about":[{"href":"https:\/\/rawa-ruska-union-nationale.fr\/index.php\/wp-json\/wp\/v2\/types\/page"}],"author":[{"embeddable":true,"href":"https:\/\/rawa-ruska-union-nationale.fr\/index.php\/wp-json\/wp\/v2\/users\/1"}],"replies":[{"embeddable":true,"href":"https:\/\/rawa-ruska-union-nationale.fr\/index.php\/wp-json\/wp\/v2\/comments?post=2591"}],"version-history":[{"count":11,"href":"https:\/\/rawa-ruska-union-nationale.fr\/index.php\/wp-json\/wp\/v2\/pages\/2591\/revisions"}],"predecessor-version":[{"id":8351,"href":"https:\/\/rawa-ruska-union-nationale.fr\/index.php\/wp-json\/wp\/v2\/pages\/2591\/revisions\/8351"}],"wp:attachment":[{"href":"https:\/\/rawa-ruska-union-nationale.fr\/index.php\/wp-json\/wp\/v2\/media?parent=2591"}],"curies":[{"name":"wp","href":"https:\/\/api.w.org\/{rel}","templated":true}]}}