{"id":301,"date":"2019-01-13T21:58:12","date_gmt":"2019-01-13T20:58:12","guid":{"rendered":"http:\/\/rawa-ruska-union-nationale.fr\/?page_id=301"},"modified":"2022-01-24T22:07:22","modified_gmt":"2022-01-24T21:07:22","slug":"presidents-des-associations-2","status":"publish","type":"page","link":"https:\/\/rawa-ruska-union-nationale.fr\/index.php\/presidents-des-associations-2\/","title":{"rendered":"Annuaire"},"content":{"rendered":"<p>Vous trouverez ci-dessous les coordonn\u00e9es des diff\u00e9rents pr\u00e9sidents des associations Rawa Ruska (mise \u00e0 jour du 24\/01\/2022).<\/p>\n<p>Aidez nous \u00e0 maintenir les donn\u00e9es en signalant toutes modifications<\/p>\n\n<p>&nbsp;<\/p>\n<p>&nbsp;<\/p>\n","protected":false},"excerpt":{"rendered":"<p>Vous trouverez ci-dessous les coordonn\u00e9es des diff\u00e9rents pr\u00e9sidents des associations Rawa Ruska (mise \u00e0 jour du 24\/01\/2022). Aidez nous \u00e0 maintenir les donn\u00e9es en signalant toutes modifications &nbsp; &nbsp;<\/p>\n","protected":false},"author":1,"featured_media":0,"parent":0,"menu_order":63,"comment_status":"closed","ping_status":"closed","template":"","meta":{"_bbp_topic_count":0,"_bbp_reply_count":0,"_bbp_total_topic_count":0,"_bbp_total_reply_count":0,"_bbp_voice_count":0,"_bbp_anonymous_reply_count":0,"_bbp_topic_count_hidden":0,"_bbp_reply_count_hidden":0,"_bbp_forum_subforum_count":0,"_crdt_document":"","two_page_speed":[],"footnotes":""},"class_list":["post-301","page","type-page","status-publish","hentry"],"_links":{"self":[{"href":"https:\/\/rawa-ruska-union-nationale.fr\/index.php\/wp-json\/wp\/v2\/pages\/301","targetHints":{"allow":["GET"]}}],"collection":[{"href":"https:\/\/rawa-ruska-union-nationale.fr\/index.php\/wp-json\/wp\/v2\/pages"}],"about":[{"href":"https:\/\/rawa-ruska-union-nationale.fr\/index.php\/wp-json\/wp\/v2\/types\/page"}],"author":[{"embeddable":true,"href":"https:\/\/rawa-ruska-union-nationale.fr\/index.php\/wp-json\/wp\/v2\/users\/1"}],"replies":[{"embeddable":true,"href":"https:\/\/rawa-ruska-union-nationale.fr\/index.php\/wp-json\/wp\/v2\/comments?post=301"}],"version-history":[{"count":21,"href":"https:\/\/rawa-ruska-union-nationale.fr\/index.php\/wp-json\/wp\/v2\/pages\/301\/revisions"}],"predecessor-version":[{"id":4931,"href":"https:\/\/rawa-ruska-union-nationale.fr\/index.php\/wp-json\/wp\/v2\/pages\/301\/revisions\/4931"}],"wp:attachment":[{"href":"https:\/\/rawa-ruska-union-nationale.fr\/index.php\/wp-json\/wp\/v2\/media?parent=301"}],"curies":[{"name":"wp","href":"https:\/\/api.w.org\/{rel}","templated":true}]}}