{"id":3837,"date":"2021-04-22T16:18:58","date_gmt":"2021-04-22T14:18:58","guid":{"rendered":"https:\/\/rawa-ruska-union-nationale.fr\/?page_id=3837"},"modified":"2023-11-23T22:09:02","modified_gmt":"2023-11-23T21:09:02","slug":"recherche-sur-les-anciens-decedes-a-rawa","status":"publish","type":"page","link":"https:\/\/rawa-ruska-union-nationale.fr\/index.php\/recherche-sur-les-anciens-decedes-a-rawa\/","title":{"rendered":"Commentaires sur la liste des d\u00e9c\u00e9d\u00e9s \u00e0 Rawa"},"content":{"rendered":"<p>Les documents suivants reprennent les donn\u00e9es du tableau. Ils compl\u00e8tent les investigations et la compr\u00e9hension sur ces d\u00e9c\u00e8s.<\/p>\n\n<a class=\"maxbutton-27 maxbutton maxbutton-tableau-decedes-rawa\" href=\"https:\/\/rawa-ruska-union-nationale.fr\/index.php\/anciens-decedes-a-rawa\/\"><span class='mb-text'>&lt; Liste d\u00e9c\u00e9d\u00e9s \u00e0 Rawa<\/span><\/a>\n<p>&nbsp;<\/p>\n","protected":false},"excerpt":{"rendered":"<p>Les documents suivants reprennent les donn\u00e9es du tableau. Ils compl\u00e8tent les investigations et la compr\u00e9hension sur ces d\u00e9c\u00e8s. &nbsp;<\/p>\n","protected":false},"author":1,"featured_media":0,"parent":0,"menu_order":0,"comment_status":"closed","ping_status":"closed","template":"","meta":{"_bbp_topic_count":0,"_bbp_reply_count":0,"_bbp_total_topic_count":0,"_bbp_total_reply_count":0,"_bbp_voice_count":0,"_bbp_anonymous_reply_count":0,"_bbp_topic_count_hidden":0,"_bbp_reply_count_hidden":0,"_bbp_forum_subforum_count":0,"_crdt_document":"","two_page_speed":[],"footnotes":""},"class_list":["post-3837","page","type-page","status-publish","hentry"],"_links":{"self":[{"href":"https:\/\/rawa-ruska-union-nationale.fr\/index.php\/wp-json\/wp\/v2\/pages\/3837","targetHints":{"allow":["GET"]}}],"collection":[{"href":"https:\/\/rawa-ruska-union-nationale.fr\/index.php\/wp-json\/wp\/v2\/pages"}],"about":[{"href":"https:\/\/rawa-ruska-union-nationale.fr\/index.php\/wp-json\/wp\/v2\/types\/page"}],"author":[{"embeddable":true,"href":"https:\/\/rawa-ruska-union-nationale.fr\/index.php\/wp-json\/wp\/v2\/users\/1"}],"replies":[{"embeddable":true,"href":"https:\/\/rawa-ruska-union-nationale.fr\/index.php\/wp-json\/wp\/v2\/comments?post=3837"}],"version-history":[{"count":20,"href":"https:\/\/rawa-ruska-union-nationale.fr\/index.php\/wp-json\/wp\/v2\/pages\/3837\/revisions"}],"predecessor-version":[{"id":8132,"href":"https:\/\/rawa-ruska-union-nationale.fr\/index.php\/wp-json\/wp\/v2\/pages\/3837\/revisions\/8132"}],"wp:attachment":[{"href":"https:\/\/rawa-ruska-union-nationale.fr\/index.php\/wp-json\/wp\/v2\/media?parent=3837"}],"curies":[{"name":"wp","href":"https:\/\/api.w.org\/{rel}","templated":true}]}}