{"id":4547,"date":"2021-10-27T21:13:42","date_gmt":"2021-10-27T19:13:42","guid":{"rendered":"https:\/\/rawa-ruska-union-nationale.fr\/?page_id=4547"},"modified":"2022-07-17T15:20:33","modified_gmt":"2022-07-17T13:20:33","slug":"comprendre-les-donnees","status":"publish","type":"page","link":"https:\/\/rawa-ruska-union-nationale.fr\/index.php\/comprendre-les-donnees\/","title":{"rendered":"Comprendre les donn\u00e9es"},"content":{"rendered":"<h1>Les fiches de donn\u00e9es militaires<\/h1>\r\n<p>Abr\u00e9viations, termes et autres noms se trouvant sur divers documents :<\/p>\r\n<p style=\"text-align: right;\">avec l&#8217;autorisation exceptionnelle de la Communaut\u00e9 : <br \/>&#8220;PG, KG, POW &#8211; Stalags et Oflags&#8221; : <br \/>\u00e0 destination de notre site Internet exclusivement<\/p>\r\n\r\n<h1>Les meldungen<\/h1>\r\n<p>Pr\u00e9sentation faite par Martine Reymond-Vaudry \u00e0 l&#8217;AG du 8 novembre 2019 <a href=\"https:\/\/rawa-ruska-union-nationale.fr\/wp-content\/uploads\/2020\/02\/Les-MeldungenCongr\u00e8s-2019.pdf\" class=\"pdfemb-viewer\" style=\"\" data-width=\"max\" data-height=\"max\" data-toolbar=\"both\" data-toolbar-fixed=\"on\">Les MeldungenCongr\u00e8s 2019<\/a><\/p>\r\n<h1>La recherche biographique<\/h1>\r\n<p>Le num\u00e9ro 88 de la LETTRE de la FONDATION DE LA RESISTANCE paru en mars 2017, pr\u00e9sente la recherche biographique.<\/p>\r\n<!-- \/wp:post-content -->\r\n\r\n<!-- wp:pdfjsblock\/pdfjs-embed {\"imageURL\":\"https:\/\/rawa-ruska-union-nationale.fr\/wp-content\/uploads\/2020\/08\/LettreResistance088.pdf\",\"imgID\":2653,\"imgTitle\":\"LettreResistance088\"} -->\r\n<div class=\"wp-block-pdfjsblock-pdfjs-embed pdfjs-wrapper\"><\/div>\r\n<p>&nbsp;<\/p>","protected":false},"excerpt":{"rendered":"<p>Les fiches de donn\u00e9es militaires Abr\u00e9viations, termes et autres noms se trouvant sur divers documents : avec l&#8217;autorisation exceptionnelle de la Communaut\u00e9 : &#8220;PG, KG, POW &#8211; Stalags et Oflags&#8221; : \u00e0 destination de notre site Internet exclusivement Les meldungen Pr\u00e9sentation faite par Martine Reymond-Vaudry \u00e0 l&#8217;AG du 8 novembre 2019 La recherche biographique Le &hellip; <\/p>\n<p class=\"link-more\"><a href=\"https:\/\/rawa-ruska-union-nationale.fr\/index.php\/comprendre-les-donnees\/\" class=\"more-link\">Continuer la lecture<span class=\"screen-reader-text\"> de &laquo;&nbsp;Comprendre les donn\u00e9es&nbsp;&raquo;<\/span><\/a><\/p>\n","protected":false},"author":1,"featured_media":0,"parent":0,"menu_order":0,"comment_status":"closed","ping_status":"closed","template":"","meta":{"_bbp_topic_count":0,"_bbp_reply_count":0,"_bbp_total_topic_count":0,"_bbp_total_reply_count":0,"_bbp_voice_count":0,"_bbp_anonymous_reply_count":0,"_bbp_topic_count_hidden":0,"_bbp_reply_count_hidden":0,"_bbp_forum_subforum_count":0,"_crdt_document":"","two_page_speed":[],"footnotes":""},"class_list":["post-4547","page","type-page","status-publish","hentry"],"_links":{"self":[{"href":"https:\/\/rawa-ruska-union-nationale.fr\/index.php\/wp-json\/wp\/v2\/pages\/4547","targetHints":{"allow":["GET"]}}],"collection":[{"href":"https:\/\/rawa-ruska-union-nationale.fr\/index.php\/wp-json\/wp\/v2\/pages"}],"about":[{"href":"https:\/\/rawa-ruska-union-nationale.fr\/index.php\/wp-json\/wp\/v2\/types\/page"}],"author":[{"embeddable":true,"href":"https:\/\/rawa-ruska-union-nationale.fr\/index.php\/wp-json\/wp\/v2\/users\/1"}],"replies":[{"embeddable":true,"href":"https:\/\/rawa-ruska-union-nationale.fr\/index.php\/wp-json\/wp\/v2\/comments?post=4547"}],"version-history":[{"count":8,"href":"https:\/\/rawa-ruska-union-nationale.fr\/index.php\/wp-json\/wp\/v2\/pages\/4547\/revisions"}],"predecessor-version":[{"id":6070,"href":"https:\/\/rawa-ruska-union-nationale.fr\/index.php\/wp-json\/wp\/v2\/pages\/4547\/revisions\/6070"}],"wp:attachment":[{"href":"https:\/\/rawa-ruska-union-nationale.fr\/index.php\/wp-json\/wp\/v2\/media?parent=4547"}],"curies":[{"name":"wp","href":"https:\/\/api.w.org\/{rel}","templated":true}]}}