{"id":4882,"date":"2022-01-29T17:13:56","date_gmt":"2022-01-29T16:13:56","guid":{"rendered":"https:\/\/rawa-ruska-union-nationale.fr\/?page_id=4882"},"modified":"2026-01-11T09:01:41","modified_gmt":"2026-01-11T08:01:41","slug":"qui-sommes-nous","status":"publish","type":"page","link":"https:\/\/rawa-ruska-union-nationale.fr\/index.php\/qui-sommes-nous\/","title":{"rendered":"Qui sommes-nous ?"},"content":{"rendered":"<p style=\"text-align: left;\"><strong>&#8220;Ceux de Rawa-Ruska&#8221; <\/strong>est une association m\u00e9morielle issue de la fin de la seconde guerre mondiale regroupant d&#8217;anciens prisonniers de guerre fran\u00e7ais et belges. Ils \u00e9taient envoy\u00e9s \u00e0 Rawa-Ruska\u00a0 (Ukraine) suite \u00e0 des \u00e9vasions, des refus de travail ou des sabotages. D\u00e8s le stalag, ces prisonniers se sont regroup\u00e9s par amicale r\u00e9gionale . Apr\u00e8s guerre ils se sont restructur\u00e9e en associations pour t\u00e9moigner devant l&#8217;Histoire de cette p\u00e9riode, des valeurs v\u00e9cues dans les camps et assurer la transmissions aux descendants et aux jeunes g\u00e9n\u00e9rations. La d\u00e9fense de leur statut a \u00e9t\u00e9 un des premiers combats d&#8217;apr\u00e8s guerre.<\/p>\r\n<p style=\"text-align: left;\">Actuellement, il ne reste qu&#8217;un seul Anvcien survivant. Il\u00a0 est pour le moment entour\u00e9 d&#8217;un millier d&#8217;adh\u00e9rents ou sympathisants.\u00a0<\/p>\r\n<h2 style=\"text-align: center;\"><strong>L&#8217;Union nationale <\/strong><\/h2>\r\n\r\n<p class=\"wp-block-paragraph\">Jacques BRUMENT &#8211; Pr\u00e9sident<br \/>Bernard CANDELON &#8211; Vice-Pr\u00e9sident<br \/>Mich\u00e8le SIBIRIL &#8211; Secr\u00e9taire G\u00e9n\u00e9rale<br \/>Beno\u00eet VALLEAUX &#8211; Tr\u00e9sorier<\/p>\r\n\r\n\r\n\r\n<h3 id=\"les-associations-regionales-21-reparties-sur-le-territoire\" style=\"text-align: center;\"><strong>Les associations locales<br \/><\/strong><a href=\"https:\/\/rawa-ruska-union-nationale.fr\/wp-content\/uploads\/2026\/01\/cartographie_adhesion.modif-5.pdf\">Cartographie<\/a><\/h3>\r\n\r\n\r\n\r\n<h3 style=\"text-align: center;\"><a href=\"https:\/\/rawa-ruska-union-nationale.fr\/wp-content\/uploads\/2025\/06\/Associations-Locales.pdf\">Annuaire des associations<\/a><\/h3>\r\n<p class=\"wp-block-paragraph\">[<\/p>\r\n<p>\r\n\r\n<\/p>\r\n<div class=\"wp-block-cover is-light\" style=\"min-height: 50px;aspect-ratio:unset;\">\r\n<div class=\"wp-block-cover__inner-container is-layout-flow wp-block-cover-is-layout-flow\">\r\n<p class=\"has-text-align-center has-medium-font-size wp-block-paragraph\">Et nous serions fiers de vous compter parmi nos adh\u00e9rents !<\/p>\r\n\r\n\r\n\r\n<div class=\"wp-block-buttons is-content-justification-center is-layout-flex wp-container-core-buttons-is-layout-fe48e5de wp-block-buttons-is-layout-flex\">\r\n<div class=\"wp-block-button has-custom-font-size has-medium-font-size\"><a class=\"wp-block-button__link has-vivid-red-background-color has-background wp-element-button\" href=\"https:\/\/rawa-ruska-union-nationale.fr\/wp-content\/uploads\/2023\/07\/bulletin-Adhesion-formulaire.pdf\">Adh\u00e9rez&#8230;<\/a><\/div>\r\n<\/div>\r\n<\/div>\r\n<\/div>\r\n<p><\/p>\r\n<p>&nbsp;<\/p>","protected":false},"excerpt":{"rendered":"<p>&#8220;Ceux de Rawa-Ruska&#8221; est une association m\u00e9morielle issue de la fin de la seconde guerre mondiale regroupant d&#8217;anciens prisonniers de guerre fran\u00e7ais et belges. Ils \u00e9taient envoy\u00e9s \u00e0 Rawa-Ruska\u00a0 (Ukraine) suite \u00e0 des \u00e9vasions, des refus de travail ou des sabotages. D\u00e8s le stalag, ces prisonniers se sont regroup\u00e9s par amicale r\u00e9gionale . Apr\u00e8s guerre &hellip; <\/p>\n<p class=\"link-more\"><a href=\"https:\/\/rawa-ruska-union-nationale.fr\/index.php\/qui-sommes-nous\/\" class=\"more-link\">Continuer la lecture<span class=\"screen-reader-text\"> de &laquo;&nbsp;Qui sommes-nous ?&nbsp;&raquo;<\/span><\/a><\/p>\n","protected":false},"author":1,"featured_media":0,"parent":0,"menu_order":0,"comment_status":"closed","ping_status":"closed","template":"","meta":{"_bbp_topic_count":0,"_bbp_reply_count":0,"_bbp_total_topic_count":0,"_bbp_total_reply_count":0,"_bbp_voice_count":0,"_bbp_anonymous_reply_count":0,"_bbp_topic_count_hidden":0,"_bbp_reply_count_hidden":0,"_bbp_forum_subforum_count":0,"_crdt_document":"","two_page_speed":[],"footnotes":""},"class_list":["post-4882","page","type-page","status-publish","hentry"],"_links":{"self":[{"href":"https:\/\/rawa-ruska-union-nationale.fr\/index.php\/wp-json\/wp\/v2\/pages\/4882","targetHints":{"allow":["GET"]}}],"collection":[{"href":"https:\/\/rawa-ruska-union-nationale.fr\/index.php\/wp-json\/wp\/v2\/pages"}],"about":[{"href":"https:\/\/rawa-ruska-union-nationale.fr\/index.php\/wp-json\/wp\/v2\/types\/page"}],"author":[{"embeddable":true,"href":"https:\/\/rawa-ruska-union-nationale.fr\/index.php\/wp-json\/wp\/v2\/users\/1"}],"replies":[{"embeddable":true,"href":"https:\/\/rawa-ruska-union-nationale.fr\/index.php\/wp-json\/wp\/v2\/comments?post=4882"}],"version-history":[{"count":53,"href":"https:\/\/rawa-ruska-union-nationale.fr\/index.php\/wp-json\/wp\/v2\/pages\/4882\/revisions"}],"predecessor-version":[{"id":9919,"href":"https:\/\/rawa-ruska-union-nationale.fr\/index.php\/wp-json\/wp\/v2\/pages\/4882\/revisions\/9919"}],"wp:attachment":[{"href":"https:\/\/rawa-ruska-union-nationale.fr\/index.php\/wp-json\/wp\/v2\/media?parent=4882"}],"curies":[{"name":"wp","href":"https:\/\/api.w.org\/{rel}","templated":true}]}}