{"id":5385,"date":"2022-04-05T21:10:32","date_gmt":"2022-04-05T19:10:32","guid":{"rendered":"https:\/\/rawa-ruska-union-nationale.fr\/?p=5385"},"modified":"2025-12-31T18:09:45","modified_gmt":"2025-12-31T17:09:45","slug":"rhones_alpes","status":"publish","type":"page","link":"https:\/\/rawa-ruska-union-nationale.fr\/index.php\/rhones_alpes\/","title":{"rendered":"Rh\u00f4ne-Alpes-Ain-Loire"},"content":{"rendered":"<p>&nbsp;<\/p>\r\n<p style=\"text-align: center;\"><a href=\"https:\/\/rawa-ruska-rhone-alpes.fr\"><img loading=\"lazy\" decoding=\"async\" class=\"alignnone wp-image-5391 size-medium\" src=\"https:\/\/rawa-ruska-union-nationale.fr\/wp-content\/uploads\/2022\/04\/2022-04-05-1-300x169.png\" alt=\"\" width=\"300\" height=\"169\" srcset=\"https:\/\/rawa-ruska-union-nationale.fr\/wp-content\/uploads\/2022\/04\/2022-04-05-1-300x169.png 300w, https:\/\/rawa-ruska-union-nationale.fr\/wp-content\/uploads\/2022\/04\/2022-04-05-1-1024x576.png 1024w, https:\/\/rawa-ruska-union-nationale.fr\/wp-content\/uploads\/2022\/04\/2022-04-05-1-768x432.png 768w, https:\/\/rawa-ruska-union-nationale.fr\/wp-content\/uploads\/2022\/04\/2022-04-05-1-1536x864.png 1536w, https:\/\/rawa-ruska-union-nationale.fr\/wp-content\/uploads\/2022\/04\/2022-04-05-1.png 1600w\" sizes=\"auto, (max-width: 300px) 100vw, 300px\" \/><\/a><br \/>Acc\u00e8s \u00e0 la page d&#8217;accueil du site<\/p>\r\n<div class=\"wp-block-column\"><!-- \/wp:post-content --><\/div>\r\n<!-- \/wp:column -->\r\n\r\n<!-- wp:column -->\r\n<div class=\"wp-block-column\"><!-- wp:paragraph --><strong>Ceux de Rawa-Ruska &#8211; Rh\u00f4ne-Alpes-Ain-Loire<br \/><\/strong> <!-- \/wp:paragraph -->\r\n\r\n<!-- wp:paragraph -->Pr\u00e9sident : VALERE G\u00e9rard <br \/>mail : rawa-ruska-rhone@hotmail.fr <br \/>site : <a href=\"https:\/\/rawa-ruska-rhone-alpes.fr\/\" data-type=\"URL\" data-id=\"https:\/\/rawaruskabretagne.wixsite.com\/association\">https:\/\/rawa-ruska-rhone-alpes.fr\/<\/a><\/div>\r\n<div>\u00a0<\/div>\r\n<div>\u00a0<\/div>","protected":false},"excerpt":{"rendered":"<p>&nbsp; Acc\u00e8s \u00e0 la page d&#8217;accueil du site Ceux de Rawa-Ruska &#8211; Rh\u00f4ne-Alpes-Ain-Loire Pr\u00e9sident : VALERE G\u00e9rard mail : rawa-ruska-rhone@hotmail.fr site : https:\/\/rawa-ruska-rhone-alpes.fr\/ \u00a0 \u00a0<\/p>\n","protected":false},"author":1,"featured_media":0,"parent":0,"menu_order":0,"comment_status":"closed","ping_status":"closed","template":"","meta":{"_bbp_topic_count":0,"_bbp_reply_count":0,"_bbp_total_topic_count":0,"_bbp_total_reply_count":0,"_bbp_voice_count":0,"_bbp_anonymous_reply_count":0,"_bbp_topic_count_hidden":0,"_bbp_reply_count_hidden":0,"_bbp_forum_subforum_count":0,"_crdt_document":"","two_page_speed":[],"footnotes":""},"class_list":["post-5385","page","type-page","status-publish","hentry"],"_links":{"self":[{"href":"https:\/\/rawa-ruska-union-nationale.fr\/index.php\/wp-json\/wp\/v2\/pages\/5385","targetHints":{"allow":["GET"]}}],"collection":[{"href":"https:\/\/rawa-ruska-union-nationale.fr\/index.php\/wp-json\/wp\/v2\/pages"}],"about":[{"href":"https:\/\/rawa-ruska-union-nationale.fr\/index.php\/wp-json\/wp\/v2\/types\/page"}],"author":[{"embeddable":true,"href":"https:\/\/rawa-ruska-union-nationale.fr\/index.php\/wp-json\/wp\/v2\/users\/1"}],"replies":[{"embeddable":true,"href":"https:\/\/rawa-ruska-union-nationale.fr\/index.php\/wp-json\/wp\/v2\/comments?post=5385"}],"version-history":[{"count":16,"href":"https:\/\/rawa-ruska-union-nationale.fr\/index.php\/wp-json\/wp\/v2\/pages\/5385\/revisions"}],"predecessor-version":[{"id":5401,"href":"https:\/\/rawa-ruska-union-nationale.fr\/index.php\/wp-json\/wp\/v2\/pages\/5385\/revisions\/5401"}],"wp:attachment":[{"href":"https:\/\/rawa-ruska-union-nationale.fr\/index.php\/wp-json\/wp\/v2\/media?parent=5385"}],"curies":[{"name":"wp","href":"https:\/\/api.w.org\/{rel}","templated":true}]}}