{"id":5550,"date":"2022-04-24T19:44:22","date_gmt":"2022-04-24T17:44:22","guid":{"rendered":"https:\/\/rawa-ruska-union-nationale.fr\/?p=5550"},"modified":"2024-05-19T08:24:58","modified_gmt":"2024-05-19T06:24:58","slug":"seine-maritime-eure-somme-2","status":"publish","type":"page","link":"https:\/\/rawa-ruska-union-nationale.fr\/index.php\/seine-maritime-eure-somme-2\/","title":{"rendered":"Seine-Maritime, Eure, Somme"},"content":{"rendered":"<h2 style=\"text-align: center;\">Des PG dieppois lib\u00e9r\u00e9s en 1943<\/h2>\n<h3 style=\"text-align: center;\"><em>Communication faite \u00e0 l&#8217;atelier du congr\u00e8s du 12 Octobre 2023<\/em><\/h3>\n\n<h2 style=\"text-align: center;\">Biographies de dieppois d\u00e9tenus \u00e0 Rawa et lib\u00e9r\u00e9s<\/h2>\n<ul>\n<li><em>Andr\u00e9 CHALLIOL : <a href=\"https:\/\/rawa-ruska-union-nationale.fr\/wp-content\/uploads\/2024\/04\/Challiol-Andre.pdf\">biographie<\/a><\/em><\/li>\n<li><em>Jean Paul Andr\u00e9 MARCHANDIER : <a href=\"https:\/\/rawa-ruska-union-nationale.fr\/wp-content\/uploads\/2024\/03\/Biog-Marcandier.pdf\">biographie<\/a><\/em><\/li>\n<li><em>R\u00e9my Fernand RINIERI : <a href=\"https:\/\/rawa-ruska-union-nationale.fr\/wp-content\/uploads\/2024\/03\/Biog-Rinieri.pdf\">biographie<\/a><\/em><\/li>\n<li><em>F\u00e9licien SUEUR : <a href=\"https:\/\/rawa-ruska-union-nationale.fr\/wp-content\/uploads\/2024\/04\/Sueur-Felicien.pdf\">biographie<\/a> et <a href=\"https:\/\/rawa-ruska-union-nationale.fr\/wp-content\/uploads\/2024\/04\/Sueur-attestations.pdf\">t\u00e9moins de captivit\u00e9<\/a><\/em><\/li>\n<li><em>Paul TERLICOQ : <a href=\"https:\/\/rawa-ruska-union-nationale.fr\/wp-content\/uploads\/2024\/04\/Terlicoq-Paul.pdf\">biographie<\/a><\/em><\/li>\n<li><em>Albert VUAGNAT : <a href=\"https:\/\/rawa-ruska-union-nationale.fr\/wp-content\/uploads\/2024\/04\/Vuagnat-Albert.pdf\">biographie<\/a> et <a href=\"https:\/\/rawa-ruska-union-nationale.fr\/wp-content\/uploads\/2024\/04\/Vuagnat-attestations.pdf\">t\u00e9moins de captivit\u00e9<\/a><\/em><\/li>\n<\/ul>\n<p>&nbsp;<\/p>\n<h3 style=\"text-align: center;\">Comm\u00e9moration de la d\u00e9portation \u00e0 Tourville-la-Rivi\u00e8re<br \/>\net du 80\u00e8me anniversaire du premier convoi pour Rawa-Ruska<br \/>\n22 octobre 2022<br \/>\nDiscours d&#8217;Herv\u00e9 ARSON<\/h3>\n\n","protected":false},"excerpt":{"rendered":"<p>Des PG dieppois lib\u00e9r\u00e9s en 1943 Communication faite \u00e0 l&#8217;atelier du congr\u00e8s du 12 Octobre 2023 Biographies de dieppois d\u00e9tenus \u00e0 Rawa et lib\u00e9r\u00e9s Andr\u00e9 CHALLIOL : biographie Jean Paul Andr\u00e9 MARCHANDIER : biographie R\u00e9my Fernand RINIERI : biographie F\u00e9licien SUEUR : biographie et t\u00e9moins de captivit\u00e9 Paul TERLICOQ : biographie Albert VUAGNAT : biographie &hellip; <\/p>\n<p class=\"link-more\"><a href=\"https:\/\/rawa-ruska-union-nationale.fr\/index.php\/seine-maritime-eure-somme-2\/\" class=\"more-link\">Continuer la lecture<span class=\"screen-reader-text\"> de &laquo;&nbsp;Seine-Maritime, Eure, Somme&nbsp;&raquo;<\/span><\/a><\/p>\n","protected":false},"author":1,"featured_media":0,"parent":0,"menu_order":0,"comment_status":"closed","ping_status":"closed","template":"","meta":{"_bbp_topic_count":0,"_bbp_reply_count":0,"_bbp_total_topic_count":0,"_bbp_total_reply_count":0,"_bbp_voice_count":0,"_bbp_anonymous_reply_count":0,"_bbp_topic_count_hidden":0,"_bbp_reply_count_hidden":0,"_bbp_forum_subforum_count":0,"_crdt_document":"","two_page_speed":[],"footnotes":""},"class_list":["post-5550","page","type-page","status-publish","hentry"],"_links":{"self":[{"href":"https:\/\/rawa-ruska-union-nationale.fr\/index.php\/wp-json\/wp\/v2\/pages\/5550","targetHints":{"allow":["GET"]}}],"collection":[{"href":"https:\/\/rawa-ruska-union-nationale.fr\/index.php\/wp-json\/wp\/v2\/pages"}],"about":[{"href":"https:\/\/rawa-ruska-union-nationale.fr\/index.php\/wp-json\/wp\/v2\/types\/page"}],"author":[{"embeddable":true,"href":"https:\/\/rawa-ruska-union-nationale.fr\/index.php\/wp-json\/wp\/v2\/users\/1"}],"replies":[{"embeddable":true,"href":"https:\/\/rawa-ruska-union-nationale.fr\/index.php\/wp-json\/wp\/v2\/comments?post=5550"}],"version-history":[{"count":27,"href":"https:\/\/rawa-ruska-union-nationale.fr\/index.php\/wp-json\/wp\/v2\/pages\/5550\/revisions"}],"predecessor-version":[{"id":8523,"href":"https:\/\/rawa-ruska-union-nationale.fr\/index.php\/wp-json\/wp\/v2\/pages\/5550\/revisions\/8523"}],"wp:attachment":[{"href":"https:\/\/rawa-ruska-union-nationale.fr\/index.php\/wp-json\/wp\/v2\/media?parent=5550"}],"curies":[{"name":"wp","href":"https:\/\/api.w.org\/{rel}","templated":true}]}}