{"id":602,"date":"2019-02-10T09:24:48","date_gmt":"2019-02-10T08:24:48","guid":{"rendered":"http:\/\/rawa-ruska-union-nationale.fr\/?p=602"},"modified":"2023-01-16T21:44:45","modified_gmt":"2023-01-16T20:44:45","slug":"partenaires","status":"publish","type":"page","link":"https:\/\/rawa-ruska-union-nationale.fr\/index.php\/partenaires\/","title":{"rendered":"Le Monde combattant"},"content":{"rendered":"\r\n<figure class=\"wp-block-table is-style-stripes\">\r\n<table>\r\n<tbody>\r\n<tr>\r\n<td class=\"has-text-align-center\" data-align=\"center\"><a href=\"https:\/\/www.onac-vg.fr\/\"><img loading=\"lazy\" decoding=\"async\" width=\"150\" height=\"135\" class=\"wp-image-802\" style=\"width: 150px;\" src=\"http:\/\/rawa-ruska-union-nationale.fr\/wp-content\/uploads\/2019\/06\/logo_onac.jpg\" alt=\"\" \/><\/a><\/td>\r\n<td class=\"has-text-align-center\" data-align=\"center\">Office national des anciens combattants <br \/>et des victimes de guerre<br \/>ONAC VG<\/td>\r\n<\/tr>\r\n<tr>\r\n<td class=\"has-text-align-center\" data-align=\"center\"><a href=\"https:\/\/www.unadif.fr\"><img loading=\"lazy\" decoding=\"async\" width=\"150\" height=\"150\" class=\"wp-image-804\" style=\"width: 150px;\" src=\"https:\/\/rawa-ruska-union-nationale.fr\/wp-content\/uploads\/2019\/06\/logo-unadifndir-taille-liens-sites-1.jpg\" alt=\"\" srcset=\"https:\/\/rawa-ruska-union-nationale.fr\/wp-content\/uploads\/2019\/06\/logo-unadifndir-taille-liens-sites-1.jpg 160w, https:\/\/rawa-ruska-union-nationale.fr\/wp-content\/uploads\/2019\/06\/logo-unadifndir-taille-liens-sites-1-150x150.jpg 150w, https:\/\/rawa-ruska-union-nationale.fr\/wp-content\/uploads\/2019\/06\/logo-unadifndir-taille-liens-sites-1-100x100.jpg 100w\" sizes=\"auto, (max-width: 150px) 100vw, 150px\" \/><\/a><\/td>\r\n<td class=\"has-text-align-center\" data-align=\"center\">Union nationale des associations de <br \/>d\u00e9port\u00e9s et intern\u00e9s de la R\u00e9sistance et familles de disparus<br \/>UNADIF<\/td>\r\n<\/tr>\r\n<tr>\r\n<td class=\"has-text-align-center\" style=\"text-align: center;\" data-align=\"center\"><a href=\"http:\/\/www.fndirp.fr\"><img loading=\"lazy\" decoding=\"async\" class=\"alignnone wp-image-5343\" src=\"https:\/\/rawa-ruska-union-nationale.fr\/wp-content\/uploads\/2020\/04\/Logo_FNDIRP.gif\" alt=\"\" width=\"111\" height=\"131\" \/><\/a><\/td>\r\n<td class=\"has-text-align-center\" data-align=\"center\">F\u00e9d\u00e9ration nationale des d\u00e9port\u00e9s et <br \/>intern\u00e9s r\u00e9sistants et des patriotes<br \/>FNDIRP<\/td>\r\n<\/tr>\r\n<tr>\r\n<td class=\"has-text-align-center\" data-align=\"center\"><a href=\"https:\/\/le-souvenir-francais.fr\/\"><img loading=\"lazy\" decoding=\"async\" width=\"150\" height=\"148\" class=\"wp-image-803\" style=\"width: 150px;\" src=\"http:\/\/rawa-ruska-union-nationale.fr\/wp-content\/uploads\/2019\/06\/logoSouvenirFrancaise.png\" alt=\"\" \/><\/a><\/td>\r\n<td class=\"has-text-align-center\" data-align=\"center\">Le souvenir fran\u00e7ais<\/td>\r\n<\/tr>\r\n<tr>\r\n<td class=\"has-text-align-center\" data-align=\"center\"><a href=\"https:\/\/www.servicehistorique.sga.defense.gouv.fr\/\"><img loading=\"lazy\" decoding=\"async\" width=\"150\" height=\"170\" class=\"wp-image-1758\" style=\"width: 150px;\" src=\"http:\/\/rawa-ruska-union-nationale.fr\/wp-content\/uploads\/2020\/03\/SHD_logo_2005.png\" alt=\"\" \/><\/a><\/td>\r\n<td class=\"has-text-align-center\" data-align=\"center\">Service historique de la D\u00e9fense<br \/>SHD<\/td>\r\n<\/tr>\r\n<tr>\r\n<td class=\"has-text-align-center\" data-align=\"center\"><a href=\"https:\/\/www.fondationresistance.org\"><img loading=\"lazy\" decoding=\"async\" class=\"aligncenter wp-image-3144\" src=\"https:\/\/rawa-ruska-union-nationale.fr\/wp-content\/uploads\/2020\/04\/fnr.png\" alt=\"\" width=\"118\" height=\"113\" \/><\/a><\/td>\r\n<td class=\"has-text-align-center\" data-align=\"center\">\r\n<p><strong>Fondation de la R\u00e9sistance &#8211; <\/strong>artisan historique du <strong>CNRD<\/strong><br \/>et la <strong>Lettre de la Fondation de la R\u00e9sistance\u00a0 &#8211; Num\u00e9ro 99<\/strong><br \/>Voir le dossier : \u00ab la R\u00e9sistance dans les camps de prisonniers de guerre en Allemagne \u00bb, r\u00e9dig\u00e9 par l\u2019historienne Evelyne Gayme.<br \/>Rawa-Ruska est \u00e9voqu\u00e9 en page 7<\/p>\r\n<\/td>\r\n<\/tr>\r\n<tr>\r\n<td class=\"has-text-align-center\" data-align=\"center\"><a href=\"https:\/\/avarchives.icrc.org\" rel=\"https:\/\/www.icrc.org\/fr\/archives\"><img loading=\"lazy\" decoding=\"async\" class=\"alignnone wp-image-2021\" style=\"width: 150px;\" src=\"http:\/\/rawa-ruska-union-nationale.fr\/wp-content\/uploads\/2020\/04\/CICR.png\" alt=\"\" width=\"78\" height=\"90\" \/><\/a><\/td>\r\n<td class=\"has-text-align-center\" data-align=\"center\">\r\n<p>Comit\u00e9 International de la Croix Rouge<br \/>Plusieurs recherches possibles \u00e0 partir du site : CICR Archives audiovisuelles <br \/>puis saisir dans &#8220;All medias&#8221; &#8211; Rawa Ruska<\/p>\r\n<\/td>\r\n<\/tr>\r\n<\/tbody>\r\n<\/table>\r\n<figcaption><em><strong>\u00a0\u00a0\u00a0\u00a0\u00a0\u00a0\u00a0\u00a0\u00a0\u00a0\u00a0\u00a0\u00a0\u00a0\u00a0\u00a0\u00a0\u00a0\u00a0\u00a0\u00a0\u00a0\u00a0\u00a0\u00a0\u00a0\u00a0\u00a0\u00a0\u00a0\u00a0\u00a0\u00a0\u00a0\u00a0\u00a0\u00a0\u00a0\u00a0\u00a0\u00a0\u00a0\u00a0\u00a0\u00a0\u00a0\u00a0\u00a0\u00a0\u00a0\u00a0\u00a0\u00a0\u00a0\u00a0\u00a0\u00a0\u00a0\u00a0\u00a0\u00a0 Connexion vers les sites correspondants<\/strong><\/em><\/figcaption>\r\n<\/figure>\r\n","protected":false},"excerpt":{"rendered":"<p>Office national des anciens combattants et des victimes de guerreONAC VG Union nationale des associations de d\u00e9port\u00e9s et intern\u00e9s de la R\u00e9sistance et familles de disparusUNADIF F\u00e9d\u00e9ration nationale des d\u00e9port\u00e9s et intern\u00e9s r\u00e9sistants et des patriotesFNDIRP Le souvenir fran\u00e7ais Service historique de la D\u00e9fenseSHD Fondation de la R\u00e9sistance &#8211; artisan historique du CNRDet la Lettre &hellip; <\/p>\n<p class=\"link-more\"><a href=\"https:\/\/rawa-ruska-union-nationale.fr\/index.php\/partenaires\/\" class=\"more-link\">Continuer la lecture<span class=\"screen-reader-text\"> de &laquo;&nbsp;Le Monde combattant&nbsp;&raquo;<\/span><\/a><\/p>\n","protected":false},"author":1,"featured_media":0,"parent":0,"menu_order":57,"comment_status":"closed","ping_status":"closed","template":"","meta":{"_bbp_topic_count":0,"_bbp_reply_count":0,"_bbp_total_topic_count":0,"_bbp_total_reply_count":0,"_bbp_voice_count":0,"_bbp_anonymous_reply_count":0,"_bbp_topic_count_hidden":0,"_bbp_reply_count_hidden":0,"_bbp_forum_subforum_count":0,"_crdt_document":"","two_page_speed":[],"footnotes":""},"class_list":["post-602","page","type-page","status-publish","hentry"],"_links":{"self":[{"href":"https:\/\/rawa-ruska-union-nationale.fr\/index.php\/wp-json\/wp\/v2\/pages\/602","targetHints":{"allow":["GET"]}}],"collection":[{"href":"https:\/\/rawa-ruska-union-nationale.fr\/index.php\/wp-json\/wp\/v2\/pages"}],"about":[{"href":"https:\/\/rawa-ruska-union-nationale.fr\/index.php\/wp-json\/wp\/v2\/types\/page"}],"author":[{"embeddable":true,"href":"https:\/\/rawa-ruska-union-nationale.fr\/index.php\/wp-json\/wp\/v2\/users\/1"}],"replies":[{"embeddable":true,"href":"https:\/\/rawa-ruska-union-nationale.fr\/index.php\/wp-json\/wp\/v2\/comments?post=602"}],"version-history":[{"count":68,"href":"https:\/\/rawa-ruska-union-nationale.fr\/index.php\/wp-json\/wp\/v2\/pages\/602\/revisions"}],"predecessor-version":[{"id":5347,"href":"https:\/\/rawa-ruska-union-nationale.fr\/index.php\/wp-json\/wp\/v2\/pages\/602\/revisions\/5347"}],"wp:attachment":[{"href":"https:\/\/rawa-ruska-union-nationale.fr\/index.php\/wp-json\/wp\/v2\/media?parent=602"}],"curies":[{"name":"wp","href":"https:\/\/api.w.org\/{rel}","templated":true}]}}

<figure class="wp-block-table is-style-stripes">
<table>
<tbody>
<tr>
<td class="has-text-align-center" data-align="center"><a href="https://www.onac-vg.fr/"><img loading="lazy" decoding="async" width="150" height="135" class="wp-image-802" style="width: 150px;" src="http://rawa-ruska-union-nationale.fr/wp-content/uploads/2019/06/logo_onac.jpg" alt="" /></a></td>
<td class="has-text-align-center" data-align="center">Office national des anciens combattants <br />et des victimes de guerre<br />ONAC VG</td>
</tr>
<tr>
<td class="has-text-align-center" data-align="center"><a href="https://www.unadif.fr"><img loading="lazy" decoding="async" width="150" height="150" class="wp-image-804" style="width: 150px;" src="https://rawa-ruska-union-nationale.fr/wp-content/uploads/2019/06/logo-unadifndir-taille-liens-sites-1.jpg" alt="" srcset="https://rawa-ruska-union-nationale.fr/wp-content/uploads/2019/06/logo-unadifndir-taille-liens-sites-1.jpg 160w, https://rawa-ruska-union-nationale.fr/wp-content/uploads/2019/06/logo-unadifndir-taille-liens-sites-1-150x150.jpg 150w, https://rawa-ruska-union-nationale.fr/wp-content/uploads/2019/06/logo-unadifndir-taille-liens-sites-1-100x100.jpg 100w" sizes="auto, (max-width: 150px) 100vw, 150px" /></a></td>
<td class="has-text-align-center" data-align="center">Union nationale des associations de <br />déportés et internés de la Résistance et familles de disparus<br />UNADIF</td>
</tr>
<tr>
<td class="has-text-align-center" style="text-align: center;" data-align="center"><a href="http://www.fndirp.fr"><img loading="lazy" decoding="async" class="alignnone wp-image-5343" src="https://rawa-ruska-union-nationale.fr/wp-content/uploads/2020/04/Logo_FNDIRP.gif" alt="" width="111" height="131" /></a></td>
<td class="has-text-align-center" data-align="center">Fédération nationale des déportés et <br />internés résistants et des patriotes<br />FNDIRP</td>
</tr>
<tr>
<td class="has-text-align-center" data-align="center"><a href="https://le-souvenir-francais.fr/"><img loading="lazy" decoding="async" width="150" height="148" class="wp-image-803" style="width: 150px;" src="http://rawa-ruska-union-nationale.fr/wp-content/uploads/2019/06/logoSouvenirFrancaise.png" alt="" /></a></td>
<td class="has-text-align-center" data-align="center">Le souvenir français</td>
</tr>
<tr>
<td class="has-text-align-center" data-align="center"><a href="https://www.servicehistorique.sga.defense.gouv.fr/"><img loading="lazy" decoding="async" width="150" height="170" class="wp-image-1758" style="width: 150px;" src="http://rawa-ruska-union-nationale.fr/wp-content/uploads/2020/03/SHD_logo_2005.png" alt="" /></a></td>
<td class="has-text-align-center" data-align="center">Service historique de la Défense<br />SHD</td>
</tr>
<tr>
<td class="has-text-align-center" data-align="center"><a href="https://www.fondationresistance.org"><img loading="lazy" decoding="async" class="aligncenter wp-image-3144" src="https://rawa-ruska-union-nationale.fr/wp-content/uploads/2020/04/fnr.png" alt="" width="118" height="113" /></a></td>
<td class="has-text-align-center" data-align="center">
<p><strong>Fondation de la Résistance &#8211; </strong>artisan historique du <strong>CNRD</strong><br />et la <strong>Lettre de la Fondation de la Résistance  &#8211; Numéro 99</strong><br />Voir le dossier : « la Résistance dans les camps de prisonniers de guerre en Allemagne », rédigé par l’historienne Evelyne Gayme.<br />Rawa-Ruska est évoqué en page 7</p>
</td>
</tr>
<tr>
<td class="has-text-align-center" data-align="center"><a href="https://avarchives.icrc.org" rel="https://www.icrc.org/fr/archives"><img loading="lazy" decoding="async" class="alignnone wp-image-2021" style="width: 150px;" src="http://rawa-ruska-union-nationale.fr/wp-content/uploads/2020/04/CICR.png" alt="" width="78" height="90" /></a></td>
<td class="has-text-align-center" data-align="center">
<p>Comité International de la Croix Rouge<br />Plusieurs recherches possibles à partir du site : CICR Archives audiovisuelles <br />puis saisir dans &#8220;All medias&#8221; &#8211; Rawa Ruska</p>
</td>
</tr>
</tbody>
</table>
<figcaption><em><strong>                                                              Connexion vers les sites correspondants</strong></em></figcaption>
</figure>

<p>Office national des anciens combattants et des victimes de guerreONAC VG Union nationale des associations de déportés et internés de la Résistance et familles de disparusUNADIF Fédération nationale des déportés et internés résistants et des patriotesFNDIRP Le souvenir français Service historique de la DéfenseSHD Fondation de la Résistance &#8211; artisan historique du CNRDet la Lettre &hellip; </p>
<p class="link-more"><a href="https://rawa-ruska-union-nationale.fr/index.php/partenaires/" class="more-link">Continuer la lecture<span class="screen-reader-text"> de &laquo;&nbsp;Le Monde combattant&nbsp;&raquo;</span></a></p>
