{"id":634,"date":"2019-03-10T11:36:30","date_gmt":"2019-03-10T10:36:30","guid":{"rendered":"http:\/\/rawa-ruska-union-nationale.fr\/?page_id=634"},"modified":"2022-03-15T18:40:40","modified_gmt":"2022-03-15T17:40:40","slug":"les-prisonniers-de-rawa-ruska","status":"publish","type":"page","link":"https:\/\/rawa-ruska-union-nationale.fr\/index.php\/les-prisonniers-de-rawa-ruska\/","title":{"rendered":"Les prisonniers de Rawa Ruska"},"content":{"rendered":"<h1><span style=\"color: #3366ff;\"><strong>Qui sont ces prisonniers de guerre (PG) ?<\/strong><\/span><\/h1>\n<h2><span style=\"color: #3366ff;\"><strong>Des PG de la bataille de France<\/strong><\/span><\/h2>\n<p>Comme tous les PG, ceux de Rawa Ruska ont \u00e9t\u00e9 mobilis\u00e9s en 1939. Certains avaient m\u00eame \u00e9t\u00e9 mobilis\u00e9s d\u00e8s 1936. Ils ont particip\u00e9 \u00e0 la tr\u00e8s dure et tr\u00e8s meurtri\u00e8re bataille de France de 1940 qui a fait environ 100 000 morts en seulement 2 mois. Les troupes fran\u00e7aises ont cess\u00e9 le combat en juin 1940 submerg\u00e9es par un ennemi infiniment plus puissant en mat\u00e9riel m\u00e9canique et a\u00e9rien.<\/p>\n<p>Deux millions des combattants de la bataille de France furent faits prisonniers. Ils \u00e9taient ext\u00e9nu\u00e9s, d\u00e9moralis\u00e9s, accabl\u00e9s par la d\u00e9faite. La plupart d&#8217;entre eux ont \u00e9t\u00e9 faits prisonniers apr\u00e8s l\u2019armistice. C&#8217;\u00e9tait donc une violation des conventions internationales, y compris des conditions d\u2019armistice \u00e9dict\u00e9es par les nazis.<\/p>\n<p>Les PG de Rawa Ruska \u00e9taient en tr\u00e8s grande majorit\u00e9 de nationalit\u00e9 fran\u00e7aise. Certains \u00e9taient cependant de nationalit\u00e9 belge et notamment des wallons.<\/p>\n<h2><span style=\"color: #3366ff;\"><strong><span style=\"color: #3366ff;\">L&#8217;envoi des PG en Allemagne<\/span><br \/>\n<\/strong><\/span><\/h2>\n<p>Les semaines qui suivirent la capture furent terribles. Il y eut de longues marches \u00e9puisantes de 40 \u00e0 50 km par jour. Ces marches se faisaient sans ravitaillement pendant plusieurs jours. Les prisonniers dormaient la nuit dans des p\u00e2turages boueux, dans le froid et compl\u00e8tement tremp\u00e9s les jours de pluie ou d\u2019orages. Les coups de crosses et de ba\u00efonnettes \u00e9taient r\u00e9guliers.\u00a0 S&#8217;ils tentaient de s&#8217;\u00e9vader ou \u00e9taient dans l&#8217;impossibilit\u00e9 physique de suivre la colonne, ils \u00e9taient ex\u00e9cut\u00e9s.<\/p>\n<p>Ces longues marches, souvent organis\u00e9es jusqu&#8217;\u00e0 la fronti\u00e8re belge ou alsacienne furent suivies du transport vers l\u2019Allemagne par chemin de fer. Les prisonniers \u00e9taient entass\u00e9s dans des wagons \u00e0 bestiaux, dans des conditions \u00e9pouvantables, inhumaines, avec une nourriture toujours insuffisante. On comptait environ 60 \u00e0 80 prisonniers par wagon.<\/p>\n<p style=\"text-align: center;\"><div id=\"metaslider-id-270\" style=\"max-width: 400px;\" class=\"ml-slider-3-108-0 metaslider metaslider-flex metaslider-270 ml-slider has-dots-nav ms-theme-default\" role=\"region\" aria-label=\"Carte personnelle de prisonnier de guerre\" data-height=\"317\" data-width=\"400\">\n    <div id=\"metaslider_container_270\">\n        <div id=\"metaslider_270\" class=\"flexslider\">\n            <ul class='slides'>\n                <li style=\"display: block; width: 100%;\" class=\"slide-276 ms-image \" aria-roledescription=\"slide\" data-date=\"2019-01-13 13:30:13\" data-filename=\"carte-perso-1-273x217.jpg\" data-slide-type=\"image\"><img loading=\"lazy\" decoding=\"async\" src=\"https:\/\/rawa-ruska-union-nationale.fr\/wp-content\/uploads\/2018\/12\/carte-perso-1-273x217.jpg\" height=\"317\" width=\"400\" alt=\"\" class=\"slider-270 slide-276 msDefaultImage\" title=\"Carte personnelle de prisonnier de guerre (recto)\" \/><div class=\"caption-wrap\"><div class=\"caption\">Carte personnelle de prisonnier de guerre (recto)<\/div><\/div><\/li>\n                <li style=\"display: none; width: 100%;\" class=\"slide-277 ms-image \" aria-roledescription=\"slide\" data-date=\"2019-01-13 13:30:33\" data-filename=\"carte-perso-2-270x214.jpg\" data-slide-type=\"image\"><img loading=\"lazy\" decoding=\"async\" src=\"https:\/\/rawa-ruska-union-nationale.fr\/wp-content\/uploads\/2018\/12\/carte-perso-2-270x214.jpg\" height=\"317\" width=\"400\" alt=\"\" class=\"slider-270 slide-277 msDefaultImage\" title=\"Carte personnelle de prisonnier de guerre (verso)\" \/><div class=\"caption-wrap\"><div class=\"caption\">Carte personnelle de prisonnier de guerre (verso)<\/div><\/div><\/li>\n                <li style=\"display: none; width: 100%;\" class=\"slide-278 ms-image \" aria-roledescription=\"slide\" data-date=\"2019-01-13 13:30:54\" data-filename=\"carte-perso-3-277x220.jpg\" data-slide-type=\"image\"><img loading=\"lazy\" decoding=\"async\" src=\"https:\/\/rawa-ruska-union-nationale.fr\/wp-content\/uploads\/2018\/12\/carte-perso-3-277x220.jpg\" height=\"317\" width=\"400\" alt=\"\" class=\"slider-270 slide-278 msDefaultImage\" title=\"Carte personnelle de prisonnier de guerre\" \/><div class=\"caption-wrap\"><div class=\"caption\">Carte personnelle de prisonnier de guerre<\/div><\/div><\/li>\n                <li style=\"display: none; width: 100%;\" class=\"slide-279 ms-image \" aria-roledescription=\"slide\" data-date=\"2019-01-13 13:31:11\" data-filename=\"carte-perso-4-288x229.jpg\" data-slide-type=\"image\"><img loading=\"lazy\" decoding=\"async\" src=\"https:\/\/rawa-ruska-union-nationale.fr\/wp-content\/uploads\/2018\/12\/carte-perso-4-288x229.jpg\" height=\"317\" width=\"400\" alt=\"\" class=\"slider-270 slide-279 msDefaultImage\" title=\"Carte personnelle de prisonnier de guerre\" \/><div class=\"caption-wrap\"><div class=\"caption\">Carte personnelle de prisonnier de guerre<\/div><\/div><\/li>\n                <li style=\"display: none; width: 100%;\" class=\"slide-283 ms-image \" aria-roledescription=\"slide\" data-date=\"2019-01-13 13:38:52\" data-filename=\"carte-perso-5-a-273x217.jpg\" data-slide-type=\"image\"><img loading=\"lazy\" decoding=\"async\" src=\"https:\/\/rawa-ruska-union-nationale.fr\/wp-content\/uploads\/2019\/01\/carte-perso-5-a-273x217.jpg\" height=\"317\" width=\"400\" alt=\"\" class=\"slider-270 slide-283 msDefaultImage\" title=\"Carte personnelle de prisonnier de guerre\" \/><div class=\"caption-wrap\"><div class=\"caption\">Carte personnelle de prisonnier de guerre<\/div><\/div><\/li>\n            <\/ul>\n        <\/div>\n        \n    <\/div>\n<\/div><\/p>\n<p>Ces transferts, bien que tr\u00e8s durs, ne sont cependant pas \u00e0 comparer avec ceux que connurent plus tard les d\u00e9port\u00e9s civils partis de France et les militaires fran\u00e7ais et belges d\u00e9port\u00e9s \u00e0 Rawa-Ruska.<\/p>\n<p>Les PG \u00e9taient rassembl\u00e9s dans des camps pour triage (stalag). L&#8217;humiliation fut la r\u00e8gle (immatriculation avec photo d\u2019identit\u00e9 faisant appara\u00eetre sur une ardoise le num\u00e9ro matricule, le cr\u00e2ne ras\u00e9, tels des bagnards). Ils furent envoy\u00e9s dans des camps de travail, gard\u00e9s militairement, d\u00e9nomm\u00e9s \u00ab kommandos \u00bb : kommandos d\u2019usines, de for\u00eats, de construction en b\u00e9ton, de routes, de mines de charbon et de sel, de fermes d\u2019\u00e9tat, de carri\u00e8res, de voie ferr\u00e9e, etc.<\/p>\n<figure id=\"attachment_117\" aria-describedby=\"caption-attachment-117\" style=\"width: 300px\" class=\"wp-caption aligncenter\"><img loading=\"lazy\" decoding=\"async\" class=\"size-medium wp-image-117\" src=\"http:\/\/rawa-ruska-union-nationale.fr\/wp-content\/uploads\/2018\/12\/laisser-passer1-300x211.jpg\" alt=\"\" width=\"300\" height=\"211\" \/><figcaption id=\"caption-attachment-117\" class=\"wp-caption-text\">Laissez Passer d&#8217;un prisonnier (recto)<\/figcaption><\/figure>\n<figure id=\"attachment_118\" aria-describedby=\"caption-attachment-118\" style=\"width: 300px\" class=\"wp-caption aligncenter\"><img loading=\"lazy\" decoding=\"async\" class=\"size-medium wp-image-118\" src=\"http:\/\/rawa-ruska-union-nationale.fr\/wp-content\/uploads\/2018\/12\/laisser-passer2-300x211.jpg\" alt=\"\" width=\"300\" height=\"211\" \/><figcaption id=\"caption-attachment-118\" class=\"wp-caption-text\">Laissez Passer d&#8217;un prisonnier (verso)<\/figcaption><\/figure>\n<p>C\u2019est alors que nombre de ces militaires d\u2019active et de r\u00e9serve ont r\u00e9pondu\u00a0 spontan\u00e9ment \u00e0 un devoir de r\u00e9sistance correspondant \u00e0 l\u2019esprit de l\u2019appel du G\u00e9n\u00e9ral de Gaulle du 28 juin 1940.\u00a0 \u00ab Tous les officiers, soldats, marins, aviateurs fran\u00e7ais o\u00f9 qu\u2019ils se trouvent, ont le devoir de r\u00e9sister \u00e0 l\u2019ennemi \u00bb. Ils d\u00e9cid\u00e8rent, chacun selon le cas, de refuser le travail, de proc\u00e9der \u00e0 des sabotages de diverses natures (sabotage de machines, travail mal ex\u00e9cut\u00e9), Ils r\u00e9sistaient par esprit d\u2019insubordination et par l&#8217;\u00e9vasion. Ils reprenaient le combat sous une forme ou sous une autre.<\/p>\n<p>Pour punir et si possible dompter ces r\u00e9sistants \u00e0 l\u2019int\u00e9rieur m\u00eame de leur pays, les Allemands utilis\u00e8rent les moyens qui leur semblaient les plus appropri\u00e9s. C&#8217;\u00e9taient l&#8217;affectation \u00e0 des kommandos disciplinaires ou \u00e0 des compagnies disciplinaires (Straf-Kompanie) extr\u00eamement s\u00e9v\u00e8res. Cela pouvait aller jusqu\u2019\u00e0 la d\u00e9tention, pour les r\u00e9cidivistes de sabotages ou d\u2019\u00e9vasions, dans les prisons civiles centrales des villes les plus proches ou\u00a0 dans les m\u00eames cellules que les condamn\u00e9s de droit commun. Les tortures et les s\u00e9vices tenaient lieu d\u2019interrogatoire.<\/p>\n<h2><span style=\"color: #3366ff;\"><strong>D\u00e9portation des irr\u00e9ductibles<\/strong><\/span><\/h2>\n<p>Mais rien n\u2019y fit. Alors, pour en finir avec ces irr\u00e9ductibles, ces \u00ab terroristes \u00bb, ces \u00ab gaullistes \u00bb, ces \u00ab communistes \u00bb, ils d\u00e9cid\u00e8rent, en mars 1942, de les d\u00e9porter \u00e0 nouveau mais cette fois dans le bien nomm\u00e9 \u00ab Triangle de la Mort \u00bb en Ukraine occup\u00e9e par les troupes allemandes.<\/p>\n<p><img loading=\"lazy\" decoding=\"async\" class=\"wp-image-33 size-full aligncenter\" src=\"http:\/\/rawa-ruska-union-nationale.fr\/wp-content\/uploads\/2018\/12\/convoi.jpg\" alt=\"\" width=\"500\" height=\"236\" \/><em>Le convoi<\/em>, dessin de R. Lagrue<\/p>\n<h2><strong><span id=\"Conditions_de_transfert\" style=\"color: #3366ff;\">Conditions de transfert<\/span><\/strong><\/h2>\n<blockquote><p>Souvenez-vous\u2026 ceux du premier convoi \u2013 le 10 avril \u2013 notre convoi \u00e0 l\u2019arr\u00eat en gare de Dresde\u2026 lorsqu\u2019un train vint se ranger tout contre nous sur une voie parall\u00e8le\u2026 Il contenait des hommes en tenue \u00ab\u00a0Feldgrau\u00a0\u00bb montant sur le front\u2026 et stup\u00e9faction !! Sur leurs casques et sur leurs manches\u2026 l\u2019\u00e9cusson des trois couleurs de la France\u2026 c\u2019\u00e9tait la L.V.F. (L\u00e9gion des Volontaires Fran\u00e7ais), la division Charlemagne\u2026 invectives\u2026 insultes\u2026 et d\u2019un de nos wagons jaillit notre \u00ab\u00a0Marseillaise\u00a0\u00bb reprise en ch\u0153ur par l\u2019ensemble du convoi. Dans ce vacarme, l\u2019ennemi fit d\u00e9marrer rapidement le train de la L.V.F.<br \/>\nRoger Maire<\/p><\/blockquote>\n<p>Apr\u00e8s le premier convoi de deux mille hommes, arriv\u00e9 le 13 avril 1942, d\u2019autres suivirent rapidement, le \u00ab\u00a0voyage\u00a0\u00bb s\u2019effectuant dans les m\u00eames conditions : 6 ou 7 jours et nuits (ou plus) dans des wagons \u00e0 bestiaux verrouill\u00e9s, sans paille, sans couverture, avec 80 personnes (quelquefois plus) par wagon. (Au cours d\u2019un transfert, quelques hommes avaient tent\u00e9 de s\u2019\u00e9vader, les occupants du wagon furent r\u00e9partis dans les autres wagons, apr\u00e8s avoir \u00e9t\u00e9 frapp\u00e9s et brutalis\u00e9s, il y eut alors plus de 100 hommes dans certains wagons).<\/p>\n<p>En cours de transfert, il n\u2019\u00e9tait distribu\u00e9 qu\u2019une ou deux soupes innommables, d\u2019un volume d\u2019environ un quart \u00e0 un demi-litre, servies dans des r\u00e9cipients de fortune (vieilles bo\u00eetes de conserve rouill\u00e9es) fournies par les convoyeurs \u00e0 qui il fallait les rendre et que les hommes se repassaient entre eux car ils \u00e9taient en nombre insuffisant.<\/p>\n<p>Les hommes, ne pouvant descendre, \u00e9taient r\u00e9duits \u00e0 se soulager sur place.<\/p>\n<p>Il est inutile de pr\u00e9ciser que ces hommes arrivaient \u00e0 Rawa-Ruska dans le plus complet d\u00e9nuement, sales, hagards, d\u00e9penaill\u00e9s, affam\u00e9s, abrutis\u2026 Beaucoup, en raison du froid, avaient contract\u00e9 bronchites, pleur\u00e9sies, etc\u2026<\/p>\n<p>Le d\u00e9barquement se faisait au milieu des hurlements des convoyeurs, ba\u00efonnette au canon, et de leurs chiens-loups.<\/p>\n<figure id=\"attachment_132\" aria-describedby=\"caption-attachment-132\" style=\"width: 500px\" class=\"wp-caption aligncenter\"><img loading=\"lazy\" decoding=\"async\" class=\"size-full wp-image-132\" src=\"http:\/\/rawa-ruska-union-nationale.fr\/wp-content\/uploads\/2018\/12\/arrivee-convoi.jpeg\" alt=\"\" width=\"500\" height=\"366\" srcset=\"https:\/\/rawa-ruska-union-nationale.fr\/wp-content\/uploads\/2018\/12\/arrivee-convoi.jpeg 500w, https:\/\/rawa-ruska-union-nationale.fr\/wp-content\/uploads\/2018\/12\/arrivee-convoi-300x220.jpeg 300w\" sizes=\"auto, (max-width: 500px) 100vw, 500px\" \/><figcaption id=\"caption-attachment-132\" class=\"wp-caption-text\">L\u2019Arriv\u00e9e d\u2019un convoi \u00e0 Rawa-Ruska en 1942.<br \/>Compress\u00e9s dans les wagons pendant une grosse semaine, souffrant de faim, de soif et du manque d\u2019hygi\u00e8ne, les \u00e9vad\u00e9s malchanceux, les membres encore ankylos\u00e9s par le voyage, font leur entr\u00e9e au camp de repr\u00e9sailles de Rawa-Ruska, sp\u00e9cialement cr\u00e9\u00e9 pour eux.<\/figcaption><\/figure>\n<p>Lorsqu\u2019un convoi arrivait d\u2019Allemagne, ses effectifs \u00e9taient r\u00e9partis apr\u00e8s une p\u00e9riode parfois tr\u00e8s courte, entre les diff\u00e9rents kommandos.<\/p>\n<p style=\"text-align: center;\">\n<p>&nbsp;<\/p>\n<p>&nbsp;<\/p>\n","protected":false},"excerpt":{"rendered":"<p>Qui sont ces prisonniers de guerre (PG) ? Des PG de la bataille de France Comme tous les PG, ceux de Rawa Ruska ont \u00e9t\u00e9 mobilis\u00e9s en 1939. Certains avaient m\u00eame \u00e9t\u00e9 mobilis\u00e9s d\u00e8s 1936. Ils ont particip\u00e9 \u00e0 la tr\u00e8s dure et tr\u00e8s meurtri\u00e8re bataille de France de 1940 qui a fait environ 100 &hellip; <\/p>\n<p class=\"link-more\"><a href=\"https:\/\/rawa-ruska-union-nationale.fr\/index.php\/les-prisonniers-de-rawa-ruska\/\" class=\"more-link\">Continuer la lecture<span class=\"screen-reader-text\"> de &laquo;&nbsp;Les prisonniers de Rawa Ruska&nbsp;&raquo;<\/span><\/a><\/p>\n","protected":false},"author":1,"featured_media":0,"parent":0,"menu_order":55,"comment_status":"closed","ping_status":"closed","template":"","meta":{"_bbp_topic_count":0,"_bbp_reply_count":0,"_bbp_total_topic_count":0,"_bbp_total_reply_count":0,"_bbp_voice_count":0,"_bbp_anonymous_reply_count":0,"_bbp_topic_count_hidden":0,"_bbp_reply_count_hidden":0,"_bbp_forum_subforum_count":0,"_crdt_document":"","two_page_speed":[],"footnotes":""},"class_list":["post-634","page","type-page","status-publish","hentry"],"_links":{"self":[{"href":"https:\/\/rawa-ruska-union-nationale.fr\/index.php\/wp-json\/wp\/v2\/pages\/634","targetHints":{"allow":["GET"]}}],"collection":[{"href":"https:\/\/rawa-ruska-union-nationale.fr\/index.php\/wp-json\/wp\/v2\/pages"}],"about":[{"href":"https:\/\/rawa-ruska-union-nationale.fr\/index.php\/wp-json\/wp\/v2\/types\/page"}],"author":[{"embeddable":true,"href":"https:\/\/rawa-ruska-union-nationale.fr\/index.php\/wp-json\/wp\/v2\/users\/1"}],"replies":[{"embeddable":true,"href":"https:\/\/rawa-ruska-union-nationale.fr\/index.php\/wp-json\/wp\/v2\/comments?post=634"}],"version-history":[{"count":22,"href":"https:\/\/rawa-ruska-union-nationale.fr\/index.php\/wp-json\/wp\/v2\/pages\/634\/revisions"}],"predecessor-version":[{"id":5304,"href":"https:\/\/rawa-ruska-union-nationale.fr\/index.php\/wp-json\/wp\/v2\/pages\/634\/revisions\/5304"}],"wp:attachment":[{"href":"https:\/\/rawa-ruska-union-nationale.fr\/index.php\/wp-json\/wp\/v2\/media?parent=634"}],"curies":[{"name":"wp","href":"https:\/\/api.w.org\/{rel}","templated":true}]}}