{"id":7190,"date":"2023-05-16T21:40:57","date_gmt":"2023-05-16T19:40:57","guid":{"rendered":"https:\/\/rawa-ruska-union-nationale.fr\/?page_id=7190"},"modified":"2023-05-16T22:33:26","modified_gmt":"2023-05-16T20:33:26","slug":"documents-peyard","status":"publish","type":"page","link":"https:\/\/rawa-ruska-union-nationale.fr\/index.php\/documents-peyard\/","title":{"rendered":"Documents PEYRARD"},"content":{"rendered":"<h2>T\u00e9moins<\/h2>\n\n<h2>Photos &#8211; une datant de sa captivit\u00e9 \u00e0 Prenzlau<\/h2>\n\n","protected":false},"excerpt":{"rendered":"<p>T\u00e9moins Photos &#8211; une datant de sa captivit\u00e9 \u00e0 Prenzlau<\/p>\n","protected":false},"author":1,"featured_media":0,"parent":0,"menu_order":0,"comment_status":"closed","ping_status":"closed","template":"","meta":{"_bbp_topic_count":0,"_bbp_reply_count":0,"_bbp_total_topic_count":0,"_bbp_total_reply_count":0,"_bbp_voice_count":0,"_bbp_anonymous_reply_count":0,"_bbp_topic_count_hidden":0,"_bbp_reply_count_hidden":0,"_bbp_forum_subforum_count":0,"_crdt_document":"","two_page_speed":[],"footnotes":""},"class_list":["post-7190","page","type-page","status-publish","hentry"],"_links":{"self":[{"href":"https:\/\/rawa-ruska-union-nationale.fr\/index.php\/wp-json\/wp\/v2\/pages\/7190","targetHints":{"allow":["GET"]}}],"collection":[{"href":"https:\/\/rawa-ruska-union-nationale.fr\/index.php\/wp-json\/wp\/v2\/pages"}],"about":[{"href":"https:\/\/rawa-ruska-union-nationale.fr\/index.php\/wp-json\/wp\/v2\/types\/page"}],"author":[{"embeddable":true,"href":"https:\/\/rawa-ruska-union-nationale.fr\/index.php\/wp-json\/wp\/v2\/users\/1"}],"replies":[{"embeddable":true,"href":"https:\/\/rawa-ruska-union-nationale.fr\/index.php\/wp-json\/wp\/v2\/comments?post=7190"}],"version-history":[{"count":10,"href":"https:\/\/rawa-ruska-union-nationale.fr\/index.php\/wp-json\/wp\/v2\/pages\/7190\/revisions"}],"predecessor-version":[{"id":7206,"href":"https:\/\/rawa-ruska-union-nationale.fr\/index.php\/wp-json\/wp\/v2\/pages\/7190\/revisions\/7206"}],"wp:attachment":[{"href":"https:\/\/rawa-ruska-union-nationale.fr\/index.php\/wp-json\/wp\/v2\/media?parent=7190"}],"curies":[{"name":"wp","href":"https:\/\/api.w.org\/{rel}","templated":true}]}}