{"id":7562,"date":"2023-08-06T11:57:33","date_gmt":"2023-08-06T09:57:33","guid":{"rendered":"https:\/\/rawa-ruska-union-nationale.fr\/?page_id=7562"},"modified":"2026-02-23T12:49:18","modified_gmt":"2026-02-23T11:49:18","slug":"les-93-de-zwierzyniec","status":"publish","type":"page","link":"https:\/\/rawa-ruska-union-nationale.fr\/index.php\/les-93-de-zwierzyniec\/","title":{"rendered":"Les 93 de Zwierzyniec"},"content":{"rendered":"\n<h2 class=\"wp-block-heading\">Les \u00e9vad\u00e9s bretons de Zwierzyniec : article de presse Douarnenez<\/h2>\n\n\n\n\n\n\n<h2 class=\"wp-block-heading\">Liste des \u00e9vad\u00e9s de Zwierzyniec<\/h2>\n\n\n","protected":false},"excerpt":{"rendered":"<p>Les \u00e9vad\u00e9s bretons de Zwierzyniec : article de presse Douarnenez Liste des \u00e9vad\u00e9s de Zwierzyniec<\/p>\n","protected":false},"author":1,"featured_media":0,"parent":0,"menu_order":0,"comment_status":"closed","ping_status":"closed","template":"","meta":{"_bbp_topic_count":0,"_bbp_reply_count":0,"_bbp_total_topic_count":0,"_bbp_total_reply_count":0,"_bbp_voice_count":0,"_bbp_anonymous_reply_count":0,"_bbp_topic_count_hidden":0,"_bbp_reply_count_hidden":0,"_bbp_forum_subforum_count":0,"_crdt_document":"","two_page_speed":[],"footnotes":""},"class_list":["post-7562","page","type-page","status-publish","hentry"],"_links":{"self":[{"href":"https:\/\/rawa-ruska-union-nationale.fr\/index.php\/wp-json\/wp\/v2\/pages\/7562","targetHints":{"allow":["GET"]}}],"collection":[{"href":"https:\/\/rawa-ruska-union-nationale.fr\/index.php\/wp-json\/wp\/v2\/pages"}],"about":[{"href":"https:\/\/rawa-ruska-union-nationale.fr\/index.php\/wp-json\/wp\/v2\/types\/page"}],"author":[{"embeddable":true,"href":"https:\/\/rawa-ruska-union-nationale.fr\/index.php\/wp-json\/wp\/v2\/users\/1"}],"replies":[{"embeddable":true,"href":"https:\/\/rawa-ruska-union-nationale.fr\/index.php\/wp-json\/wp\/v2\/comments?post=7562"}],"version-history":[{"count":5,"href":"https:\/\/rawa-ruska-union-nationale.fr\/index.php\/wp-json\/wp\/v2\/pages\/7562\/revisions"}],"predecessor-version":[{"id":10052,"href":"https:\/\/rawa-ruska-union-nationale.fr\/index.php\/wp-json\/wp\/v2\/pages\/7562\/revisions\/10052"}],"wp:attachment":[{"href":"https:\/\/rawa-ruska-union-nationale.fr\/index.php\/wp-json\/wp\/v2\/media?parent=7562"}],"curies":[{"name":"wp","href":"https:\/\/api.w.org\/{rel}","templated":true}]}}