{"id":8566,"date":"2024-05-17T21:58:39","date_gmt":"2024-05-17T19:58:39","guid":{"rendered":"https:\/\/rawa-ruska-union-nationale.fr\/?page_id=8566"},"modified":"2024-11-03T22:09:46","modified_gmt":"2024-11-03T21:09:46","slug":"comment-adherer","status":"publish","type":"page","link":"https:\/\/rawa-ruska-union-nationale.fr\/index.php\/comment-adherer\/","title":{"rendered":"Espace adh\u00e9rents"},"content":{"rendered":"\n<p class=\"wp-block-paragraph\">Suite \u00e0 la consultation du site, vous avez remarqu\u00e9 qu&#8217;il existe une partie priv\u00e9e et vous souhaitez y acc\u00e9der.<\/p>\n\n\n\n<p class=\"wp-block-paragraph\">Cet espace contient des informations non publiques strictement r\u00e9serv\u00e9es aux membres des associations locales adh\u00e9rents \u00e0 l&#8217;Union nationale. Ce sont des informations :<br>&#8211; soit directement li\u00e9es \u00e0 la vie des associations r\u00e9gionales ou de l&#8217;Union nationale (\u00e9v\u00e9nements, documents internes, projets d&#8217;activit\u00e9s),<br>&#8211; ou portant sur des questions de recherches en cours.<\/p>\n\n\n\n<p class=\"wp-block-paragraph\">Le menu &#8220;Acc\u00e8s adh\u00e9rents&#8221; vous propose d&#8217;effectuer votre demande d&#8217;acc\u00e8s (identifiant et mot de passe). Nous v\u00e9rifierons si vous \u00eates d\u00e9j\u00e0 enregistr\u00e9s.<\/p>\n\n\n\n<p class=\"wp-block-paragraph\">Si vous \u00eates membre d\u2019une association locale Ceux de Rawa-Ruska, vous recevrez tr\u00e8s prochainement vos codes d\u2019acc\u00e8s par mail.<\/p>\n\n\n\n<p class=\"wp-block-paragraph\">Si vous n\u2019\u00eates pas membre d\u2019une association locale, nous vous invitons \u00e0 demander votre adh\u00e9sion \u00e0 celle de votre choix. Vous trouverez les coordonn\u00e9es de toutes les associations locales sur le site \u00e0 &#8220;Union nationale \/ Qui sommes-nous ?&#8221;?  Cette adh\u00e9sion vous permettra \u00e9galement de recevoir notre revue nationale Envols (2 num\u00e9ros par an).<br><br>Une fois votre adh\u00e9sion enregistr\u00e9e, nous vous invitons \u00e0 refaire votre demande.<\/p>\n\n\n\n<p class=\"wp-block-paragraph\"><\/p>\n\n\n\n<p class=\"wp-block-paragraph\"><\/p>\n","protected":false},"excerpt":{"rendered":"<p>Suite \u00e0 la consultation du site, vous avez remarqu\u00e9 qu&#8217;il existe une partie priv\u00e9e et vous souhaitez y acc\u00e9der. Cet espace contient des informations non publiques strictement r\u00e9serv\u00e9es aux membres des associations locales adh\u00e9rents \u00e0 l&#8217;Union nationale. Ce sont des informations :&#8211; soit directement li\u00e9es \u00e0 la vie des associations r\u00e9gionales ou de l&#8217;Union nationale &hellip; <\/p>\n<p class=\"link-more\"><a href=\"https:\/\/rawa-ruska-union-nationale.fr\/index.php\/comment-adherer\/\" class=\"more-link\">Continuer la lecture<span class=\"screen-reader-text\"> de &laquo;&nbsp;Espace adh\u00e9rents&nbsp;&raquo;<\/span><\/a><\/p>\n","protected":false},"author":1,"featured_media":0,"parent":0,"menu_order":0,"comment_status":"closed","ping_status":"closed","template":"","meta":{"_bbp_topic_count":0,"_bbp_reply_count":0,"_bbp_total_topic_count":0,"_bbp_total_reply_count":0,"_bbp_voice_count":0,"_bbp_anonymous_reply_count":0,"_bbp_topic_count_hidden":0,"_bbp_reply_count_hidden":0,"_bbp_forum_subforum_count":0,"_crdt_document":"","two_page_speed":[],"footnotes":""},"class_list":["post-8566","page","type-page","status-publish","hentry"],"_links":{"self":[{"href":"https:\/\/rawa-ruska-union-nationale.fr\/index.php\/wp-json\/wp\/v2\/pages\/8566","targetHints":{"allow":["GET"]}}],"collection":[{"href":"https:\/\/rawa-ruska-union-nationale.fr\/index.php\/wp-json\/wp\/v2\/pages"}],"about":[{"href":"https:\/\/rawa-ruska-union-nationale.fr\/index.php\/wp-json\/wp\/v2\/types\/page"}],"author":[{"embeddable":true,"href":"https:\/\/rawa-ruska-union-nationale.fr\/index.php\/wp-json\/wp\/v2\/users\/1"}],"replies":[{"embeddable":true,"href":"https:\/\/rawa-ruska-union-nationale.fr\/index.php\/wp-json\/wp\/v2\/comments?post=8566"}],"version-history":[{"count":8,"href":"https:\/\/rawa-ruska-union-nationale.fr\/index.php\/wp-json\/wp\/v2\/pages\/8566\/revisions"}],"predecessor-version":[{"id":9089,"href":"https:\/\/rawa-ruska-union-nationale.fr\/index.php\/wp-json\/wp\/v2\/pages\/8566\/revisions\/9089"}],"wp:attachment":[{"href":"https:\/\/rawa-ruska-union-nationale.fr\/index.php\/wp-json\/wp\/v2\/media?parent=8566"}],"curies":[{"name":"wp","href":"https:\/\/api.w.org\/{rel}","templated":true}]}}