{"id":995,"date":"2020-02-20T18:27:08","date_gmt":"2020-02-20T17:27:08","guid":{"rendered":"http:\/\/rawa-ruska-union-nationale.fr\/?page_id=995"},"modified":"2020-12-06T22:10:24","modified_gmt":"2020-12-06T21:10:24","slug":"nos-anciens","status":"publish","type":"page","link":"https:\/\/rawa-ruska-union-nationale.fr\/index.php\/nos-anciens\/","title":{"rendered":"Les &#8220;Anciens&#8221; du stalag 325"},"content":{"rendered":"<p>Les contenus ici pr\u00e9sent\u00e9s portent sur nos anciens encore existants et bien s\u00fbr sur les anciens d\u00e9c\u00e9d\u00e9s..<\/p>\n<p>Toutes les informations pr\u00e9sent\u00e9es\u00a0 sont issues des contributions des proches ayant connus ces anciens.\u00a0 Il s&#8217;agit de donn\u00e9es biographiques, de documents, de photos et \u00e9ventuellement de vid\u00e9os. N&#8217;h\u00e9sitez pas \u00e0 nous faire part de publication. Il s&#8217;agit de\u00a0 faire revivre la m\u00e9moire sur nos anciens. C&#8217;est un travail collectif d&#8217;\u00e9dition \u00e0 destination de l&#8217;ensemble des adh\u00e9rents de nos associations.<\/p>\n<p class=\"western\" align=\"left\"><span style=\"color: #222222;\"><span style=\"font-family: arial, helvetica, sans-serif;\"><span style=\"font-size: medium;\">Ces biographies permettront peut \u00eatre de d\u00e9couvrir les &#8220;Anciens&#8221; en familles ; revoir leur p\u00e8re (ou grand-p\u00e8re) dans une p\u00e9riode de leur vie pour laquelle, ils n&#8217;ont aucunes traces, n&#8217;y souvenir, prisonnier \u00e0 RAWA ou ailleurs.<br \/>\n<\/span><\/span><\/span><\/p>\n<p class=\"western\" align=\"center\">\n","protected":false},"excerpt":{"rendered":"<p>Les contenus ici pr\u00e9sent\u00e9s portent sur nos anciens encore existants et bien s\u00fbr sur les anciens d\u00e9c\u00e9d\u00e9s.. Toutes les informations pr\u00e9sent\u00e9es\u00a0 sont issues des contributions des proches ayant connus ces anciens.\u00a0 Il s&#8217;agit de donn\u00e9es biographiques, de documents, de photos et \u00e9ventuellement de vid\u00e9os. N&#8217;h\u00e9sitez pas \u00e0 nous faire part de publication. Il s&#8217;agit de\u00a0 &hellip; <\/p>\n<p class=\"link-more\"><a href=\"https:\/\/rawa-ruska-union-nationale.fr\/index.php\/nos-anciens\/\" class=\"more-link\">Continuer la lecture<span class=\"screen-reader-text\"> de &laquo;&nbsp;Les &#8220;Anciens&#8221; du stalag 325&nbsp;&raquo;<\/span><\/a><\/p>\n","protected":false},"author":1,"featured_media":0,"parent":0,"menu_order":51,"comment_status":"closed","ping_status":"closed","template":"","meta":{"_bbp_topic_count":0,"_bbp_reply_count":0,"_bbp_total_topic_count":0,"_bbp_total_reply_count":0,"_bbp_voice_count":0,"_bbp_anonymous_reply_count":0,"_bbp_topic_count_hidden":0,"_bbp_reply_count_hidden":0,"_bbp_forum_subforum_count":0,"_crdt_document":"","two_page_speed":[],"footnotes":""},"class_list":["post-995","page","type-page","status-publish","hentry"],"_links":{"self":[{"href":"https:\/\/rawa-ruska-union-nationale.fr\/index.php\/wp-json\/wp\/v2\/pages\/995","targetHints":{"allow":["GET"]}}],"collection":[{"href":"https:\/\/rawa-ruska-union-nationale.fr\/index.php\/wp-json\/wp\/v2\/pages"}],"about":[{"href":"https:\/\/rawa-ruska-union-nationale.fr\/index.php\/wp-json\/wp\/v2\/types\/page"}],"author":[{"embeddable":true,"href":"https:\/\/rawa-ruska-union-nationale.fr\/index.php\/wp-json\/wp\/v2\/users\/1"}],"replies":[{"embeddable":true,"href":"https:\/\/rawa-ruska-union-nationale.fr\/index.php\/wp-json\/wp\/v2\/comments?post=995"}],"version-history":[{"count":12,"href":"https:\/\/rawa-ruska-union-nationale.fr\/index.php\/wp-json\/wp\/v2\/pages\/995\/revisions"}],"predecessor-version":[{"id":3142,"href":"https:\/\/rawa-ruska-union-nationale.fr\/index.php\/wp-json\/wp\/v2\/pages\/995\/revisions\/3142"}],"wp:attachment":[{"href":"https:\/\/rawa-ruska-union-nationale.fr\/index.php\/wp-json\/wp\/v2\/media?parent=995"}],"curies":[{"name":"wp","href":"https:\/\/api.w.org\/{rel}","templated":true}]}}

<p>Les contenus ici présentés portent sur nos anciens encore existants et bien sûr sur les anciens décédés..</p>
<p>Toutes les informations présentées  sont issues des contributions des proches ayant connus ces anciens.  Il s&#8217;agit de données biographiques, de documents, de photos et éventuellement de vidéos. N&#8217;hésitez pas à nous faire part de publication. Il s&#8217;agit de  faire revivre la mémoire sur nos anciens. C&#8217;est un travail collectif d&#8217;édition à destination de l&#8217;ensemble des adhérents de nos associations.</p>
<p class="western" align="left"><span style="color: #222222;"><span style="font-family: arial, helvetica, sans-serif;"><span style="font-size: medium;">Ces biographies permettront peut être de découvrir les &#8220;Anciens&#8221; en familles ; revoir leur père (ou grand-père) dans une période de leur vie pour laquelle, ils n&#8217;ont aucunes traces, n&#8217;y souvenir, prisonnier à RAWA ou ailleurs.<br />
</span></span></span></p>
<p class="western" align="center">

<p>Les contenus ici présentés portent sur nos anciens encore existants et bien sûr sur les anciens décédés.. Toutes les informations présentées  sont issues des contributions des proches ayant connus ces anciens.  Il s&#8217;agit de données biographiques, de documents, de photos et éventuellement de vidéos. N&#8217;hésitez pas à nous faire part de publication. Il s&#8217;agit de  &hellip; </p>
<p class="link-more"><a href="https://rawa-ruska-union-nationale.fr/index.php/nos-anciens/" class="more-link">Continuer la lecture<span class="screen-reader-text"> de &laquo;&nbsp;Les &#8220;Anciens&#8221; du stalag 325&nbsp;&raquo;</span></a></p>
